NOAA-Style Climate Reports


Report for 2020 January

Daily noaa report



                            MONTHLY CLIMATOLOGICAL SUMMARY for JAN. 2020

NAME: Rockcreek-Hillcrest   CITY: Superior STATE: Colorado
ELEV: 5612 ft LAT: 039:55:38 LONG: 0105:09:26

                            TEMPERATURE ( °F), RAIN (in.), WIND SPEED (mph)

                                               HEAT     COOL           AVG
      MEAN                                     DEG      DEG            WIND                       DOM
DAY   TEMP    HIGH   TIME     LOW    TIME      DAYS     DAYS    RAIN   SPEED    HIGH    TIME      DIR
--------------------------------------------------------------------------------------------------------
01    45.4   053.2   10:10    39.1   23:40     19.6     00.0   00.00   15.7     48.3    21:08      W 
02    37.9   046.1   13:06    28.3   23:03     27.0     00.0   00.00   07.5     41.4    00:54      W 
03    39.5   046.6   14:27    29.8   00:54     25.4     00.0   00.00   12.5     33.4    18:29      W 
04    51.6   062.2   15:30    37.0   04:27     13.3     00.0   00.00   13.7     56.4    23:23      W 
05    37.0   046.3   00:18    26.5   20:39     27.9     00.0   00.01   10.2     62.1    00:44     WSW
06    37.5   044.6   23:39    31.4   07:04     27.4     00.0   00.00   15.3     50.6    02:55      W 
07    47.9   057.3   14:48    39.8   00:00     17.0     00.0   00.00   12.6     64.4    04:52      W 
08    46.2   057.7   12:52    35.8   08:14     18.7     00.0   00.00   07.8     34.5    19:33     WSW
09    37.6   045.1   13:47    27.6   08:02     27.4     00.0   00.00   08.0     36.8    08:39     WSW
10    24.4   031.3   00:01    11.4   22:52     40.5     00.0   00.00   04.2     16.1    13:22      E 
11    26.3   042.9   14:48    11.7   01:42     38.6     00.0   00.00   05.1     34.5    15:00      W 
12    32.2   042.1   14:08    24.0   00:00     32.7     00.0   00.00   07.1     36.8    12:33      W 
13    32.1   042.0   13:21    21.1   07:26     32.8     00.0   00.00   06.5     42.5    16:22      W 
14    39.0   053.5   15:07    24.6   02:03     25.9     00.0   00.00   04.4     31.1    16:24     WSW
16    29.4   034.1   00:01    28.1   21:36     35.6     00.0   00.00   01.6     10.3    00:08      W 
17    34.3   048.6   12:54    23.3   05:04     30.7     00.0   00.00   11.1     49.5    15:42      W 
18    30.6   042.2   15:08    21.8   23:38     34.4     00.0   00.00   04.1     34.5    01:43     WSW
19    30.8   045.3   14:19    20.5   06:07     34.2     00.0   00.00   02.8     11.5    21:20     WSW
20    35.2   049.8   15:37    21.2   05:55     29.7     00.0   00.00   02.4     10.3    14:24     WSW
21    40.6   052.2   15:14    31.3   00:01     24.3     00.0   00.00   01.9     09.2    18:22     WSW
22    42.9   050.8   12:44    33.9   23:51     22.1     00.0   00.00   06.3     20.7    15:03      W 
23    34.3   042.2   16:53    28.3   07:48     30.6     00.0   00.00   04.3     18.4    11:26      SE
24    38.4   053.9   13:45    24.9   08:02     26.5     00.0   00.00   02.9     16.1    12:55     WNW
25    41.9   052.6   13:05    30.1   07:45     23.1     00.0   00.00   06.3     34.5    13:15      W 
26    42.0   053.4   14:00    29.7   06:57     23.0     00.0   00.00   03.1     14.9    01:23     WSW
27    36.8   042.3   13:36    31.2   03:06     28.1     00.0   00.00   04.0     24.1    22:37     WNW
28    36.7   048.0   15:09    26.9   07:43     28.3     00.0   00.00   04.9     19.6    15:40     WSW
29    35.5   043.8   13:33    28.8   22:04     29.5     00.0   00.00   02.9     14.9    12:14     SSE
30    32.1   038.6   14:40    23.4   23:09     32.8     00.0   00.00   05.4     24.1    05:39      NW
31    40.4   050.2   13:29    23.5   02:35     24.6     00.0   00.00   11.9     33.4    15:06      W 
--------------------------------------------------------------------------------------------------------
37.2 (37.2)   62.2  day 04     11.4  day 10   831.7    000.0   00.01   06.9     64.4   day 16      W 
Max  0.8in)