NOAA-Style Climate Reports


Report for 2020 February

Daily noaa report



                            MONTHLY CLIMATOLOGICAL SUMMARY for FEB. 2020

NAME: Rockcreek-Hillcrest   CITY: Superior STATE: Colorado
ELEV: 5612 ft LAT: 039:55:38 LONG: 0105:09:26

                            TEMPERATURE ( °F), RAIN (in.), WIND SPEED (mph)

                                               HEAT     COOL           AVG
      MEAN                                     DEG      DEG            WIND                       DOM
DAY   TEMP    HIGH   TIME     LOW    TIME      DAYS     DAYS    RAIN   SPEED    HIGH    TIME      DIR
--------------------------------------------------------------------------------------------------------
01    53.9   060.9   12:07    45.0   01:27     11.0     00.0   00.00   17.9     50.6    09:48      W 
03    54.3   070.6   07:00    46.4   02:59     10.6     00.0   00.00   06.7     26.4    00:15     SSW
04    10.9   070.6   07:02    03.0   21:04     54.0     00.0   00.00   03.3     16.1    07:01      NE
05    14.1   027.3   15:38   -02.5   06:52     50.8     00.0   00.04   05.1     28.8    20:43      W 
06    31.3   040.8   14:07    24.2   22:40     33.7     00.0   00.02   09.2     31.1    06:50      W 
07    25.6   028.3   15:10    22.9   04:54     39.4     00.0   00.02   05.4     16.1    10:01     SSW
08    34.8   053.7   15:40    20.0   04:06     30.2     00.0   00.13   05.0     28.8    15:19      SW
09    25.5   034.7   00:46    13.9   22:38     39.5     00.0   00.09   04.0     19.6    16:42      E 
10    22.8   032.3   14:51    14.4   03:17     42.1     00.0   00.00   04.4     16.1    13:12     ESE
11    20.6   032.9   14:50    08.5   06:35     44.4     00.0   00.05   02.3     11.5    20:57     WSW
12    29.5   036.3   01:23    20.7   00:00     35.5     00.0   00.00   05.8     26.4    07:42      NW
13    20.6   030.0   15:38    13.7   22:18     44.4     00.0   00.05   02.2     10.3    05:00      W 
14    36.7   056.9   14:23    13.7   07:07     28.2     00.0   00.01   06.2     34.5    21:33      W 
15    33.1   047.2   00:34    24.3   06:43     31.8     00.0   00.00   05.1     24.1    01:53      S 
16    37.2   051.4   13:15    24.6   03:24     27.7     00.0   00.00   03.3     16.1    04:26     SSW
17    34.9   042.9   12:19    24.2   00:00     30.0     00.0   00.00   07.7     32.2    09:18      S 
18    27.9   037.8   13:24    21.5   07:29     37.0     00.0   00.00   04.2     17.3    15:15      S 
19    19.8   023.3   07:13    11.3   22:25     45.1     00.0   00.00   04.9     17.3    19:42     NNE
20    20.1   039.1   16:55    04.9   04:06     44.9     00.0   00.01   02.7     11.5    14:43      SW
21    35.0   055.3   19:01    19.8   02:00     29.9     00.0   00.00   04.1     23.0    22:36      SW
22    47.2   059.8   12:57    37.5   01:02     17.7     00.0   00.00   04.9     27.6    09:27      W 
23    38.6   043.0   16:40    34.4   22:29     26.3     00.0   00.00   05.1     19.6    08:03     WNW
24    34.5   041.4   08:09    26.2   20:20     30.4     00.0   00.00   08.8     38.0    10:02     WNW
25    23.9   029.1   00:03    13.8   23:53     41.1     00.0   00.00   09.0     33.4    10:13     NNE
26    29.7   043.0   13:17    12.9   06:59     35.3     00.0   00.00   07.9     34.5    19:26      W 
27    40.9   049.1   13:53    32.8   06:15     24.0     00.0   00.00   07.6     34.5    12:19     WNW
28    48.2   060.3   13:27    38.0   00:02     16.8     00.0   00.00   08.2     41.4    03:47      W 
29    48.9   060.2   16:04    40.3   00:01     16.1     00.0   00.00   06.9     27.6    08:29     WSW
--------------------------------------------------------------------------------------------------------
32.2 (33.4)   70.6  day 04    -02.5  day 05   917.8    000.0   00.42   06.0     50.6   day 01      W 
Max