NOAA-Style Climate Reports


Report for 2020 March

Daily noaa report



                            MONTHLY CLIMATOLOGICAL SUMMARY for MAR. 2020

NAME: Rockcreek-Hillcrest   CITY: Superior STATE: Colorado
ELEV: 5612 ft LAT: 039:55:38 LONG: 0105:09:26

                            TEMPERATURE ( °F), RAIN (in.), WIND SPEED (mph)

                                               HEAT     COOL           AVG
      MEAN                                     DEG      DEG            WIND                       DOM
DAY   TEMP    HIGH   TIME     LOW    TIME      DAYS     DAYS    RAIN   SPEED    HIGH    TIME      DIR
--------------------------------------------------------------------------------------------------------
01    35.2   047.6   02:37    26.0   00:00     29.7     00.0   00.00   04.9     19.6    07:57     NNW
02    35.0   046.1   14:05    25.3   07:07     30.0     00.0   00.16   06.6     36.8    18:34     WNW
03    44.1   057.5   13:25    30.4   07:00     20.9     00.0   00.00   07.7     31.1    05:36      W 
04    49.6   060.8   15:21    34.7   04:27     15.3     00.0   00.00   09.6     38.0    14:24      W 
05    40.2   054.8   16:12    28.8   06:07     24.7     00.0   00.00   05.9     26.4    02:39     SSE
06    38.4   059.4   18:00    30.1   04:33     26.6     00.0   00.00   03.4     12.7    09:50      SW
07    54.7   059.4   20:00    46.6   00:00     10.2     00.0   00.00   03.3     04.6    00:00      N 
08    46.6   046.6   00:00    46.6   00:00     18.3     00.0   00.00   03.4     04.6    00:00      N 
09    46.6   046.6   00:00    46.6   00:00     18.3     00.0   00.00   03.4     04.6    23:54      N 
10    46.9   051.1   21:21    46.6   21:18     18.0     00.0   570.44   03.8     19.6    23:08      N 
11    55.6   066.4   14:33    43.7   00:24     09.4     00.0   3927.91   13.2     39.1    05:24      W 
12    44.9   055.2   08:06    33.3   00:00     20.1     00.0   00.00   08.3     21.9    08:25     WNW
13    33.1   036.9   17:29    30.6   07:23     31.8     00.0   00.01   03.9     12.7    22:24     NNW
14    33.2   041.4   16:19    28.9   06:23     31.7     00.0   00.00   03.7     12.7    20:24      N 
15    41.9   056.1   18:06    31.1   06:14     23.0     00.0   00.00   03.1     14.9    15:00     ENE
16    43.9   055.6   10:46    34.9   02:04     21.0     00.0   00.00   05.8     18.4    13:49      NE
17    38.6   050.5   19:02    35.4   08:34     26.4     00.0   00.00   02.9     12.7    00:16      NE
18    47.6   063.3   13:07    33.3   05:36     17.4     00.0   00.00   06.0     27.6    21:11      N 
19    33.3   041.5   00:03    24.8   00:00     31.6     00.0   00.42   06.7     26.4    15:27      N 
20    22.2   026.6   16:32    20.1   07:02     42.8     00.0   00.02   03.6     12.7    06:39      E 
21    32.3   047.8   14:30    15.6   06:42     32.6     00.0   00.19   02.5     10.3    02:29     WSW
22    40.9   055.4   16:33    30.4   06:46     24.0     00.0   00.01   05.9     26.4    12:05     WSW
23    45.1   056.8   14:38    34.5   06:50     19.9     00.0   00.00   05.3     20.7    17:42     WSW
24    50.8   062.4   16:58    38.8   07:12     14.1     00.0   00.00   06.9     32.2    11:36      W 
25    53.8   066.7   16:13    41.7   07:00     11.2     00.0   00.00   05.7     26.4    17:47     WSW
26    42.4   052.7   18:16    32.5   07:05     22.5     00.0   00.00   03.8     17.3    13:15     NNE
27    35.6   044.4   00:17    33.3   09:11     29.3     00.0   00.00   02.8     16.1    22:07      E 
28    38.1   042.6   13:02    34.2   11:26     26.8     00.0   00.14   08.8     29.9    12:12     WSW
29    44.1   056.7   15:32    34.9   05:06     20.9     00.0   00.00   05.6     20.7    08:55     WSW
30    45.0   057.7   18:00    34.3   07:32     19.9     00.0   00.00   04.1     19.6    23:19      W 
31    55.1   066.0   16:49    44.2   06:52     09.8     00.0   00.00   10.9     34.5    21:22      W 
--------------------------------------------------------------------------------------------------------
42.4 (43.3)   66.7  day 25     15.6  day 21   698.3    000.0   00.80   05.5     39.1   day 02     WNW
Max  0.8in)