NOAA-Style Climate Reports


Report for 2020 April

Daily noaa report



                            MONTHLY CLIMATOLOGICAL SUMMARY for APR. 2020

NAME: Rockcreek-Hillcrest   CITY: Superior STATE: Colorado
ELEV: 5612 ft LAT: 039:55:38 LONG: 0105:09:26

                            TEMPERATURE ( °F), RAIN (in.), WIND SPEED (mph)

                                               HEAT     COOL           AVG
      MEAN                                     DEG      DEG            WIND                       DOM
DAY   TEMP    HIGH   TIME     LOW    TIME      DAYS     DAYS    RAIN   SPEED    HIGH    TIME      DIR
--------------------------------------------------------------------------------------------------------
01    56.2   070.3   15:56    43.1   00:00     08.7     00.0   00.00   05.5     26.4    21:13     ESE
02    27.7   043.0   00:03    19.2   22:41     37.2     00.0   00.02   03.4     14.9    03:20      NE
03    29.4   043.2   16:43    18.7   02:56     35.5     00.0   00.03   02.9     17.3    13:17     SSE
04    42.7   061.4   15:59    29.8   08:46     22.2     00.0   00.01   03.3     17.3    17:39     SSW
05    53.2   067.9   17:07    36.3   07:07     11.8     00.0   00.00   04.0     17.3    15:43      W 
06    57.7   073.8   16:46    41.4   06:59     07.2     00.0   00.00   05.0     18.4    12:49      SW
07    60.3   072.2   13:39    47.8   06:30     04.6     00.0   00.00   08.5     28.8    16:01      W 
08    57.4   070.6   16:49    42.3   06:47     07.6     00.0   00.00   05.1     23.0    16:13     WNW
09    46.0   056.7   17:52    34.1   07:09     19.0     00.0   00.00   04.1     19.6    12:50     NNE
10    55.7   070.6   13:52    37.3   04:48     09.2     00.0   00.00   07.0     34.5    21:11      W 
11    59.2   068.1   15:55    37.4   00:00     05.8     00.0   00.00   09.8     31.1    22:39     WNW
12    23.0   037.3   00:02    19.8   09:30     42.0     00.0   00.01   05.8     23.0    03:25     NNE
13    20.0   024.9   13:37    15.0   06:44     44.9     00.0   00.01   03.0     12.7    04:56      N 
14    31.6   044.6   17:37    14.1   06:27     33.4     00.0   00.06   04.0     29.9    19:38      W 
15    40.9   054.1   15:12    32.9   00:00     24.0     00.0   00.01   08.3     35.6    17:12     WNW
16    25.7   032.9   00:08    13.9   00:00     39.2     00.0   00.03   01.9     16.1    13:54     NNE
17    29.0   045.0   18:14    11.1   05:46     35.9     00.0   00.28   03.0     17.3    12:44     SSW
18    43.2   053.2   12:36    31.7   06:21     21.7     00.0   00.00   03.5     17.3    02:14     WSW
19    47.4   061.3   14:44    36.3   06:44     17.6     00.0   00.00   05.4     26.4    19:07      NW
20    51.5   064.4   15:54    36.1   05:06     13.5     00.0   00.00   03.4     13.8    17:29     NNE
21    53.2   068.3   15:48    38.9   06:46     11.7     00.0   00.00   04.0     16.1    18:39      W 
22    55.4   064.7   15:41    46.7   00:00     09.5     00.0   00.00   06.8     32.2    13:25     WNW
23    55.8   065.4   15:50    46.1   00:26     09.1     00.0   00.00   08.0     36.8    15:17      W 
24    48.0   057.5   16:38    40.5   06:47     16.9     00.0   00.09   04.8     26.4    16:07     ENE
25    52.5   065.1   17:19    39.0   04:57     12.4     00.0   00.00   04.6     24.1    17:17      NW
26    59.6   071.1   12:16    44.7   06:17     05.3     00.0   00.00   07.8     42.5    17:00     WNW
27    64.8   078.2   17:57    47.7   06:18     00.2     00.0   00.00   05.6     31.1    14:22     WNW
28    64.9   078.2   17:56    44.9   00:00     00.0     00.0   00.00   07.5     32.2    09:16      NW
29    55.4   072.4   17:42    36.9   05:12     09.6     00.0   00.00   03.8     16.1    08:52      S 
30    64.0   083.3   18:08    48.1   04:56     01.0     00.0   00.00   04.5     27.6    21:10      W 
--------------------------------------------------------------------------------------------------------
47.7 (47.5)   83.3  day 30     11.1  day 17   516.9    000.0   00.55   05.1     42.6   day 26     WNW
Max  0.8in)