NOAA-Style Climate Reports


Report for 2020 May

Daily noaa report



                            MONTHLY CLIMATOLOGICAL SUMMARY for MAY. 2020

NAME: Rockcreek-Hillcrest   CITY: Superior STATE: Colorado
ELEV: 5612 ft LAT: 039:55:38 LONG: 0105:09:26

                            TEMPERATURE ( °F), RAIN (in.), WIND SPEED (mph)

                                               HEAT     COOL           AVG
      MEAN                                     DEG      DEG            WIND                       DOM
DAY   TEMP    HIGH   TIME     LOW    TIME      DAYS     DAYS    RAIN   SPEED    HIGH    TIME      DIR
--------------------------------------------------------------------------------------------------------
01    69.0   084.5   17:32    55.6   01:59     00.0     04.0   00.00   05.5     21.9    20:24     NNE
02    54.7   064.3   13:01    50.2   22:40     10.2     00.0   00.09   04.7     21.9    15:27      NE
03    57.6   070.1   16:42    43.6   06:48     07.3     00.0   00.00   04.3     26.4    19:57     NNE
04    55.9   067.1   13:52    41.5   00:00     09.0     00.0   00.04   08.5     40.3    14:45      NW
05    53.4   069.8   13:33    34.3   05:56     11.6     00.0   00.00   04.6     20.7    16:00      E 
06    53.3   067.3   14:14    35.7   06:21     11.6     00.0   00.00   03.5     18.4    15:22      NW
07    57.1   073.7   15:16    41.4   00:00     07.9     00.0   00.00   09.0     42.5    17:27     NNW
08    48.1   063.0   17:42    35.4   06:21     16.8     00.0   00.00   04.8     18.4    11:53      E 
09    49.8   058.6   13:43    40.6   06:18     15.2     00.0   00.00   06.4     24.1    08:52     ENE
10    49.0   061.9   17:32    37.1   06:21     15.9     00.0   00.00   05.0     19.6    06:54     NNE
11    40.9   052.8   18:13    34.5   08:26     24.0     00.0   00.06   04.6     26.4    19:05      NE
12    51.8   067.2   17:21    40.0   05:51     13.1     00.0   00.00   02.9     13.8    13:21      NE
13    62.6   078.2   15:17    42.9   04:37     02.3     00.0   00.00   04.7     20.7    20:30     ESE
14    57.4   064.8   13:35    51.3   06:54     07.5     00.0   00.04   03.9     23.0    14:20      E 
15    55.9   068.4   14:06    48.2   05:19     09.0     00.0   00.19   03.9     20.7    18:05      NE
16    58.4   070.7   14:00    50.1   06:25     06.6     00.0   00.00   04.8     19.6    12:15     SSE
17    57.7   073.8   16:23    43.2   06:08     07.3     00.0   00.00   03.1     12.7    13:45     NNW
18    65.5   084.0   17:19    49.0   05:40     00.0     00.5   00.00   03.4     14.9    15:07     NNW
19    71.3   087.6   17:53    50.0   06:12     00.0     06.3   00.00   06.1     40.3    20:07     SSW
20    71.7   086.6   15:54    57.4   00:00     00.0     06.7   00.00   10.4     39.1    12:12      SW
21    60.6   072.4   16:07    45.2   03:30     04.3     00.0   00.00   05.3     25.3    18:22     SSE
22    65.8   081.9   16:11    48.5   04:45     00.0     00.9   00.00   04.9     24.1    15:48     SSW
23    63.2   078.3   14:57    48.2   06:32     01.7     00.0   00.00   04.6     29.9    21:12      N 
24    48.9   056.3   00:05    43.5   23:21     16.1     00.0   00.68   03.6     19.6    14:47     WNW
25    52.2   063.8   14:54    40.6   06:12     12.7     00.0   00.00   03.2     14.9    17:34      N 
26    60.8   077.6   18:39    41.2   06:18     04.1     00.0   00.00   03.3     14.9    14:07      NE
27    66.6   082.0   16:54    52.5   06:09     00.0     01.6   00.08   03.7     25.3    14:37     SSW
28    62.6   074.4   17:01    52.9   06:23     02.4     00.0   00.00   02.8     14.9    03:46     NNE
29    68.7   086.1   15:38    51.5   06:21     00.0     03.8   00.00   03.5     19.6    16:53      W 
30    70.2   080.4   13:55    56.9   06:10     00.0     05.3   00.07   04.8     25.3    20:35      NW
31    69.9   086.5   13:36    54.4   06:15     00.0     05.0   00.01   03.9     34.5    16:30     WSW
--------------------------------------------------------------------------------------------------------
59.1 (59.2)   87.6  day 19     34.3  day 05   216.7    034.2   01.26   04.8     42.6   day 04     NNE
Max >=  86: 4
Min  .008in) 4 (> .08in) 0 (> 0.8in)