NOAA-Style Climate Reports


Report for 2020 June

Daily noaa report



                            MONTHLY CLIMATOLOGICAL SUMMARY for JUN. 2020

NAME: Rockcreek-Hillcrest   CITY: Superior STATE: Colorado
ELEV: 5612 ft LAT: 039:55:38 LONG: 0105:09:26

                            TEMPERATURE ( °F), RAIN (in.), WIND SPEED (mph)

                                               HEAT     COOL           AVG
      MEAN                                     DEG      DEG            WIND                       DOM
DAY   TEMP    HIGH   TIME     LOW    TIME      DAYS     DAYS    RAIN   SPEED    HIGH    TIME      DIR
--------------------------------------------------------------------------------------------------------
01    77.8   089.9   17:54    60.5   05:46     00.0     12.9   00.16   05.4     40.3    22:15     WSW
02    76.9   089.4   15:15    64.1   00:00     00.0     11.9   00.01   04.7     24.1    16:16      NW
03    73.3   091.6   15:13    58.7   05:13     00.0     08.3   00.00   04.0     26.4    17:38      W 
04    73.2   088.2   11:30    57.9   06:10     00.0     08.3   00.02   06.1     42.5    14:35      W 
05    78.1   093.3   15:20    59.0   06:04     00.0     13.2   00.00   04.8     27.6    18:27      SW
06    71.0   085.8   15:01    58.2   23:43     00.0     06.1   00.02   06.5     41.4    15:33     SSW
07    71.4   091.0   15:47    51.3   05:25     00.0     06.4   00.00   06.1     34.5    16:07      W 
08    62.7   076.0   15:28    45.7   00:00     02.2     00.0   00.06   06.9     34.5    19:51      E 
09    54.1   067.1   16:09    42.7   02:15     10.9     00.0   00.31   07.2     33.4    17:22     NNW
10    63.1   077.3   18:43    44.4   05:32     01.8     00.0   00.00   05.0     24.1    15:31     WNW
11    69.4   082.9   18:28    57.2   05:47     00.0     04.5   00.00   04.8     17.3    12:34      SW
12    72.6   091.7   16:07    52.0   05:21     00.0     07.7   00.00   04.2     26.4    19:27      S 
13    71.2   087.8   14:49    59.9   06:05     00.0     06.3   00.00   03.8     29.9    23:38      NW
14    77.5   093.4   14:47    61.5   06:14     00.0     12.5   00.00   06.6     31.1    00:06     SSW
15    75.7   089.0   16:10    59.3   06:20     00.0     10.8   00.00   04.4     19.6    17:54     NNW
16    79.1   094.0   16:28    63.2   06:47     00.0     14.1   00.00   04.9     27.6    13:22     WSW
17    74.3   090.1   16:03    53.9   06:15     00.0     09.3   00.00   04.4     25.3    19:22      N 
18    57.7   067.9   12:20    52.1   06:33     07.2     00.0   00.31   04.7     19.6    10:56     SSE
19    57.1   065.0   13:49    50.8   07:26     07.8     00.0   00.10   03.6     23.0    11:22      S 
20    68.5   086.6   16:10    46.4   05:36     00.0     03.5   00.00   03.9     19.6    16:17     WNW
21    69.4   078.1   14:53    58.5   00:00     00.0     04.5   00.08   06.6     39.1    17:12     WNW
22    68.6   080.5   16:13    53.5   05:53     00.0     03.6   00.00   03.8     16.1    12:47     NNE
23    70.0   084.1   15:41    54.3   05:52     00.0     05.1   00.00   03.1     16.1    15:15     NNW
24    71.7   090.8   15:12    56.0   06:02     00.0     06.8   00.03   04.6     55.2    18:48      NW
25    75.3   093.0   12:58    60.6   05:19     00.0     10.3   00.01   05.9     44.9    20:18     WNW
26    65.9   079.4   14:14    54.9   05:54     00.0     01.0   00.56   04.2     38.0    19:22      W 
27    74.9   088.6   18:20    59.2   01:06     00.0     10.0   00.00   07.2     28.8    12:14     WNW
28    75.9   088.8   11:42    63.0   23:55     00.0     11.0   00.00   04.6     34.5    17:27     WNW
29    76.6   091.2   17:45    59.3   06:07     00.0     11.7   00.00   04.1     18.4    12:17     WSW
30    69.5   079.7   15:32    57.0   10:38     00.0     04.6   00.15   05.4     26.4    09:53     SSE
--------------------------------------------------------------------------------------------------------
70.8 (70.5)   94.0  day 16     42.7  day 09   029.9    204.3   01.82   05.0     55.2   day 25      W 
Max >=  86: 18
Min  .008in) 7 (> .08in) 0 (> 0.8in)