NOAA-Style Climate Reports


Report for 2020 July

Daily noaa report



                            MONTHLY CLIMATOLOGICAL SUMMARY for JUL. 2020

NAME: Rockcreek-Hillcrest   CITY: Superior STATE: Colorado
ELEV: 5612 ft LAT: 039:55:38 LONG: 0105:09:26

                            TEMPERATURE ( °F), RAIN (in.), WIND SPEED (mph)

                                               HEAT     COOL           AVG
      MEAN                                     DEG      DEG            WIND                       DOM
DAY   TEMP    HIGH   TIME     LOW    TIME      DAYS     DAYS    RAIN   SPEED    HIGH    TIME      DIR
--------------------------------------------------------------------------------------------------------
01    71.5   087.6   17:49    52.0   06:15     00.0     06.5   00.00   04.6     21.9    13:59     SSE
02    75.7   092.9   17:35    59.5   06:18     00.0     10.8   00.00   04.0     24.1    19:23      E 
03    74.9   087.6   15:27    60.6   06:30     00.0     09.9   00.00   04.3     28.8    21:12     SSW
04    72.0   086.8   12:48    60.3   06:38     00.0     07.1   00.00   03.8     26.4    17:35      NW
05    73.9   090.2   13:01    57.2   05:39     00.0     09.0   00.00   04.5     23.0    15:25     WSW
06    77.7   094.8   16:03    60.8   05:09     00.0     12.7   00.00   04.1     24.1    14:17      SW
07    79.5   092.1   16:31    65.3   06:09     00.0     14.5   00.00   05.2     34.5    13:06      SW
08    78.9   095.4   18:40    58.5   05:01     00.0     13.9   00.00   03.3     13.8    15:13      SW
09    77.8   092.2   16:43    61.2   05:43     00.0     12.8   00.00   04.2     23.0    18:57      SE
10    80.7   099.1   16:05    61.9   06:28     00.0     15.8   00.00   04.0     17.3    13:40      SW
11    78.4   093.5   16:50    60.6   06:19     00.0     13.4   00.00   03.3     17.3    01:28      E 
12    78.5   091.4   13:10    62.4   06:32     00.0     13.5   00.00   04.9     34.5    21:22      W 
13    80.1   095.1   15:09    67.9   21:24     00.0     15.1   00.00   05.0     34.5    18:30     WSW
14    69.4   077.6   03:52    63.3   06:44     00.0     04.5   00.11   04.7     19.6    20:22     NNE
15    68.0   080.0   16:20    58.5   05:17     00.0     03.1   00.00   03.5     19.6    09:07     SSE
16    74.1   093.3   14:01    58.0   04:44     00.0     09.2   00.00   05.1     33.4    16:03     SSW
17    80.4   092.4   14:55    67.1   03:05     00.0     15.4   00.00   05.2     34.5    18:19     WNW
18    83.5   097.4   14:54    72.4   00:00     00.0     18.5   00.00   06.4     25.3    16:57     WNW
19    74.4   088.3   15:30    61.5   06:12     00.0     09.4   00.00   04.0     33.4    16:02     WSW
20    75.9   089.7   15:45    60.3   06:25     00.0     11.0   00.00   04.3     25.3    18:28      NE
21    66.1   078.1   20:26    59.2   06:53     00.0     01.2   00.00   04.3     33.4    22:37     NNW
22    71.9   090.7   15:27    55.3   06:28     00.0     07.0   00.06   04.7     24.1    18:07      NW
23    78.5   090.9   14:42    68.5   05:54     00.0     13.6   00.00   04.9     28.8    18:06      W 
24    72.3   084.2   12:51    64.1   22:50     00.0     07.4   00.11   03.7     20.7    14:18     WNW
25    70.7   085.7   11:54    64.0   17:28     00.0     05.7   00.11   04.2     28.8    15:20      W 
26    69.8   080.3   11:58    63.5   22:57     00.0     04.9   00.03   03.4     19.6    13:47     NNW
27    72.5   086.4   16:23    59.3   04:58     00.0     07.6   00.00   03.6     24.1    16:42     SSE
28    69.7   079.8   14:42    61.4   03:15     00.0     04.7   00.02   03.5     26.4    14:41      SW
29    76.5   091.1   15:02    60.1   01:28     00.0     11.5   00.00   06.6     35.6    12:05     NNW
30    67.2   078.5   15:47    57.8   03:28     00.0     02.2   00.00   04.1     20.7    17:34     ENE
31    71.0   085.8   14:31    54.8   06:29     00.0     06.1   00.00   04.0     35.6    17:22      N 
--------------------------------------------------------------------------------------------------------
74.6 (74.9)   99.1  day 10     52.0  day 01   000.0    298.3   00.44   04.4     35.7   day 12      W 
Max >=  86: 22
Min  .008in) 3 (> .08in) 0 (> 0.8in)