NOAA-Style Climate Reports


Report for 2020 August

Daily noaa report



                            MONTHLY CLIMATOLOGICAL SUMMARY for AUG. 2020

NAME: Rockcreek-Hillcrest   CITY: Superior STATE: Colorado
ELEV: 5612 ft LAT: 039:55:38 LONG: 0105:09:26

                            TEMPERATURE ( °F), RAIN (in.), WIND SPEED (mph)

                                               HEAT     COOL           AVG
      MEAN                                     DEG      DEG            WIND                       DOM
DAY   TEMP    HIGH   TIME     LOW    TIME      DAYS     DAYS    RAIN   SPEED    HIGH    TIME      DIR
--------------------------------------------------------------------------------------------------------
01    72.7   086.5   13:39    56.0   06:29     00.0     07.7   00.00   03.7     19.6    17:21     NNW
02    70.8   084.9   16:50    61.1   05:47     00.0     05.9   00.00   03.4     12.7    16:16     NNW
03    71.2   086.3   14:35    55.1   06:21     00.0     06.3   00.00   03.4     19.6    13:41      SW
04    73.0   088.0   16:04    59.6   06:35     00.0     08.1   00.00   03.5     21.9    18:37     NNE
05    72.3   088.9   14:38    60.3   06:09     00.0     07.3   00.07   04.1     24.1    15:58      NW
06    73.9   089.8   16:25    60.0   05:56     00.0     08.9   00.00   03.7     26.4    16:38     SSW
07    79.4   094.5   15:52    62.4   04:04     00.0     14.4   00.00   04.4     26.4    23:55      SW
08    82.2   093.5   12:55    72.2   23:51     00.0     17.2   00.00   04.8     26.4    00:30      NW
09    82.6   095.8   14:15    70.9   05:15     00.0     17.7   00.00   04.8     19.6    13:18     WNW
10    73.7   087.4   17:19    61.3   07:20     00.0     08.7   00.00   03.5     14.9    18:05      N 
11    76.2   093.1   15:30    59.0   07:16     00.0     11.2   00.00   03.8     34.5    18:47      SW
12    74.9   092.3   14:35    56.9   07:10     00.0     09.9   00.00   03.6     26.4    15:33     WSW
13    78.5   094.3   14:55    62.6   02:15     00.0     13.5   00.00   03.9     18.4    12:33     SSW
14    78.3   089.4   15:58    65.2   00:00     00.0     13.3   00.00   04.8     20.7    11:29     SSE
15    74.8   090.0   16:15    59.8   07:12     00.0     09.8   00.00   03.3     16.1    14:15      SW
16    78.3   094.7   15:32    66.0   07:30     00.0     13.4   00.00   03.6     17.3    17:13      N 
17    77.1   093.2   15:13    61.2   06:58     00.0     12.1   00.00   03.5     12.7    16:35      N 
18    81.5   097.6   15:07    65.9   04:32     00.0     16.5   00.00   04.0     18.4    17:49     WNW
19    78.0   090.2   15:25    66.1   06:41     00.0     13.1   00.00   03.4     25.3    16:29     WNW
20    74.1   087.4   13:54    60.0   04:24     00.0     09.1   00.00   03.3     23.0    20:56      N 
21    77.8   089.2   16:27    66.0   03:03     00.0     12.8   00.00   04.3     27.6    12:12      SW
22    79.7   092.1   17:17    68.4   23:58     00.0     14.8   00.00   04.3     16.1    15:59      NW
23    77.4   090.9   14:40    61.0   06:20     00.0     12.4   00.00   03.5     21.9    23:15      NW
24    81.3   090.5   17:18    69.3   06:36     00.0     16.4   00.00   04.2     24.1    21:38      NW
25    80.8   091.9   15:00    69.8   03:02     00.0     15.9   00.00   05.4     34.5    20:07     SSW
26    77.1   088.0   15:15    68.7   23:29     00.0     12.1   00.03   07.1     56.4    21:21     WSW
27    75.6   090.1   14:52    59.4   06:39     00.0     10.6   00.01   04.3     47.1    17:52     WSW
28    67.6   074.1   12:55    58.8   00:00     00.0     02.7   00.03   03.8     39.1    04:03      W 
29    63.2   074.8   17:04    53.6   06:12     01.7     00.0   00.05   04.3     31.1    16:26      SW
30    75.6   085.8   14:09    60.6   00:00     00.0     10.7   00.40   09.6     54.0    17:11     WNW
31    57.3   068.9   17:43    43.2   06:07     07.7     00.0   00.00   04.6     39.1    00:10      N 
--------------------------------------------------------------------------------------------------------
75.4 (75.4)   97.6  day 18     43.2  day 31   009.4    333.0   00.70   04.2     56.4   day 26      W 
Max >=  86: 26
Min  .008in) 1 (> .08in) 0 (> 0.8in)