NOAA-Style Climate Reports


Report for 2020 October

Daily noaa report



                            MONTHLY CLIMATOLOGICAL SUMMARY for OCT. 2020

NAME: Rockcreek-Hillcrest   CITY: Superior STATE: Colorado
ELEV: 5612 ft LAT: 039:55:38 LONG: 0105:09:26

                            TEMPERATURE ( °F), RAIN (in.), WIND SPEED (mph)

                                               HEAT     COOL           AVG
      MEAN                                     DEG      DEG            WIND                       DOM
DAY   TEMP    HIGH   TIME     LOW    TIME      DAYS     DAYS    RAIN   SPEED    HIGH    TIME      DIR
--------------------------------------------------------------------------------------------------------
01    51.5   064.0   16:30    37.6   06:38     13.4     00.0   00.00   04.0     17.3    14:44      W 
02    59.7   071.8   16:27    43.2   07:01     05.3     00.0   00.00   03.4     34.5    21:54      SW
03    52.3   064.2   17:11    41.0   05:27     12.7     00.0   00.00   04.7     17.3    05:36     WNW
04    62.2   079.9   16:55    44.2   06:39     02.8     00.0   00.00   04.1     21.9    23:06     SSW
05    66.8   080.1   15:52    51.6   23:39     00.0     01.9   00.00   03.5     41.4    16:10      N 
06    64.1   082.6   16:28    46.2   05:23     00.9     00.0   00.00   03.8     49.5    05:02     WSW
07    65.7   079.7   17:15    51.1   06:55     00.0     00.7   00.00   03.1     14.9    15:39      SW
08    63.8   081.5   17:07    42.6   06:51     01.1     00.0   00.00   03.4     29.9    05:06      W 
09    69.2   081.5   14:05    56.7   22:53     00.0     04.3   00.00   03.8     42.5    13:27      NW
10    63.6   077.0   17:02    49.6   06:59     01.4     00.0   00.00   02.5     19.6    23:45      NW
11    58.5   071.4   10:48    49.6   21:27     06.4     00.0   00.00   08.7     62.1    14:56     WNW
12    60.4   071.1   17:19    45.5   05:25     04.6     00.0   00.29   11.9     65.5    00:33     WNW
13    63.1   075.7   18:15    44.6   07:20     01.9     00.0   00.04   05.2     36.8    08:50     WNW
14    63.7   078.1   13:58    42.4   00:00     01.3     00.0   00.21   07.7     35.6    20:41     ESE
15    41.5   050.9   17:01    31.8   00:00     23.4     00.0   00.00   06.4     40.3    18:49      SE
16    48.0   068.7   17:57    27.1   07:40     16.9     00.0   00.34   08.9     59.8    21:52      W 
17    61.7   069.8   16:29    39.5   00:00     03.3     00.0   00.08   06.4     48.3    11:12      NW
18    36.9   046.6   16:06    31.8   09:24     28.0     00.0   00.00   05.4     23.0    07:21     ENE
19    45.6   059.4   10:07    31.1   03:20     19.3     00.0   00.00   04.3     34.5    06:51      SW
20    56.8   068.2   13:36    39.2   23:59     08.1     00.0   00.30   07.2     42.5    11:09     WNW
21    48.6   068.2   17:19    35.8   07:43     16.3     00.0   00.00   04.4     24.1    10:08      NW
22    35.9   058.6   01:35    23.2   00:00     29.1     00.0   00.00   05.0     27.6    17:14      NE
23    24.8   031.6   18:20    20.7   09:18     40.2     00.0   00.00   02.4     09.2    16:11      NE
24    33.6   046.4   16:58    22.5   01:43     31.4     00.0   00.00   04.6     31.1    17:45      NE
25    13.0   028.3   00:01    07.9   00:00     52.0     00.0   00.00   02.8     12.7    00:05      NE
26    09.9   017.1   16:30    05.7   07:51     55.1     00.0   00.00   02.1     06.9    13:40     WNW
27    27.5   044.1   15:40    12.4   01:57     37.4     00.0   00.00   04.1     13.8    16:00      NW
28    40.6   050.7   15:49    29.1   03:25     24.4     00.0   00.00   05.4     29.9    13:23      NW
29    46.9   065.8   16:02    33.4   06:02     18.1     00.0   00.00   04.4     28.8    20:27     WNW
30    53.0   069.3   16:59    38.3   04:32     12.0     00.0   00.01   05.8     55.2    23:35      W 
31    51.9   062.6   11:43    36.0   22:36     13.0     00.0   00.12   06.3     54.0    03:20      NW
--------------------------------------------------------------------------------------------------------
49.7 (49.6)   82.6  day 06     05.7  day 26   479.5    006.9   01.13   05.0     65.6   day 16      NW
Max