NOAA-Style Climate Reports


Report for 2020 November

Daily noaa report



                            MONTHLY CLIMATOLOGICAL SUMMARY for NOV. 2020

NAME: Rockcreek-Hillcrest   CITY: Superior STATE: Colorado
ELEV: 5612 ft LAT: 039:55:38 LONG: 0105:09:26

                            TEMPERATURE ( °F), RAIN (in.), WIND SPEED (mph)

                                               HEAT     COOL           AVG
      MEAN                                     DEG      DEG            WIND                       DOM
DAY   TEMP    HIGH   TIME     LOW    TIME      DAYS     DAYS    RAIN   SPEED    HIGH    TIME      DIR
--------------------------------------------------------------------------------------------------------
01    44.7   060.8   15:19    30.9   05:55     20.2     00.0   00.00   04.6     39.1    18:04     NNW
02    56.9   074.7   16:27    40.3   00:46     08.0     00.0   00.00   04.5     18.4    01:32      W 
03    61.3   073.6   16:05    44.8   04:03     03.7     00.0   00.00   04.0     31.1    04:25      W 
04    64.8   073.6   13:49    55.2   23:28     00.2     00.0   00.00   04.9     39.1    16:43     WNW
05    60.5   074.8   16:33    50.2   23:48     04.4     00.0   00.00   03.6     23.0    13:52      SW
06    57.2   068.2   14:52    42.4   06:20     07.8     00.0   00.00   03.1     21.9    04:09     WSW
07    57.8   070.3   12:12    48.9   06:33     07.1     00.0   00.00   04.3     49.5    01:51      SW
08    50.3   057.9   01:14    39.7   00:00     14.6     00.0   00.38   11.4     57.5    09:51     WNW
09    30.9   040.5   01:19    25.9   20:19     34.0     00.0   00.00   04.1     25.3    04:08     ENE
10    34.5   044.6   13:30    21.7   04:28     30.4     00.0   00.14   09.2     43.7    14:22      NW
11    35.8   044.8   16:10    27.5   06:52     29.1     00.0   00.00   05.4     31.1    14:02      NW
12    34.5   046.0   15:42    26.2   22:14     30.4     00.0   00.09   07.6     49.5    14:38     WNW
13    45.5   059.9   14:46    22.3   02:54     19.5     00.0   00.02   06.4     56.4    09:26      W 
14    39.3   051.3   00:21    30.6   21:36     25.7     00.0   02.40   13.3     55.2    10:20      NW
15    45.7   055.2   23:33    28.6   05:03     19.2     00.0   00.99   08.9     59.8    10:49      NW
16    52.5   065.1   15:28    41.9   02:48     12.5     00.0   00.00   06.0     48.3    20:45      SW
17    52.8   073.0   15:47    38.1   02:08     12.2     00.0   00.00   04.1     42.5    06:44     WSW
18    59.8   071.4   14:52    49.3   00:11     05.1     00.0   00.00   03.2     33.4    12:32      SW
19    50.2   062.4   15:22    37.9   06:41     14.7     00.0   00.00   05.9     38.0    23:34      S 
20    41.8   049.6   14:10    34.9   07:01     23.1     00.0   00.00   06.2     28.8    10:45     WNW
21    35.6   046.6   14:43    24.1   07:30     29.3     00.0   00.00   04.2     25.3    13:20     NNW
22    31.6   045.5   14:59    18.0   07:17     33.4     00.0   00.00   04.0     21.9    13:49     WNW
23    40.6   056.7   14:27    25.9   04:47     24.4     00.0   00.00   04.4     21.9    10:29      NW
24    32.2   043.9   01:09    27.5   07:39     32.7     00.0   00.00   04.1     38.0    01:14      NW
25    34.8   046.9   20:22    21.7   06:58     30.2     00.0   00.00   04.7     29.9    19:50      NW
26    35.0   042.1   14:15    27.9   04:59     30.0     00.0   00.00   04.2     18.4    15:24      W 
27    30.8   041.4   15:36    23.9   06:58     34.2     00.0   00.00   03.8     13.8    13:55     WNW
28    40.8   054.9   15:44    26.6   04:56     24.1     00.0   00.00   05.2     23.0    22:05      NW
29    31.1   037.4   16:07    21.2   23:04     33.9     00.0   00.00   03.6     27.6    01:12     NNW
30    41.3   056.8   14:36    21.6   00:29     23.6     00.0   00.00   08.0     58.6    16:54     WNW
--------------------------------------------------------------------------------------------------------
44.3 (44.4)   74.8  day 05     18.0  day 22   617.8    000.0   00.00   05.6     59.8   day 15     WNW
Min  .08in) 2 (> 0.8in)