NOAA-Style Climate Reports


Report for 2020 December

Daily noaa report



                            MONTHLY CLIMATOLOGICAL SUMMARY for DEC. 2020

NAME: Rockcreek-Hillcrest   CITY: Superior STATE: Colorado
ELEV: 5612 ft LAT: 039:55:38 LONG: 0105:09:26

                            TEMPERATURE ( °F), RAIN (in.), WIND SPEED (mph)

                                               HEAT     COOL           AVG
      MEAN                                     DEG      DEG            WIND                       DOM
DAY   TEMP    HIGH   TIME     LOW    TIME      DAYS     DAYS    RAIN   SPEED    HIGH    TIME      DIR
--------------------------------------------------------------------------------------------------------
01    35.9   047.7   00:35    25.7   00:00     29.0     00.0   00.00   06.8     36.8    00:03     NNE
02    23.0   031.5   16:00    16.0   06:07     42.0     00.0   00.00   03.5     14.9    13:42     NNW
03    30.4   046.9   15:16    15.8   06:38     34.5     00.0   00.00   04.9     35.6    15:19     NNW
04    43.5   057.6   12:42    32.5   23:07     21.5     00.0   00.00   05.0     20.7    08:38     WNW
05    40.3   051.4   15:13    30.4   05:18     24.6     00.0   00.00   07.0     31.1    11:32      SW
06    43.7   059.5   15:10    32.7   01:46     21.2     00.0   00.00   04.7     16.1    03:38     WNW
07    45.1   060.3   14:51    33.1   04:04     19.9     00.0   00.00   06.0     44.9    20:10     WNW
08    46.6   059.7   15:43    31.8   05:01     18.4     00.0   00.00   05.6     38.0    23:34     WNW
09    50.7   062.1   14:44    35.2   07:24     14.2     00.0   00.00   04.8     42.5    20:37     WNW
10    36.9   050.2   02:47    25.5   00:00     28.1     00.0   00.00   05.9     40.3    02:11      NE
11    22.5   025.7   00:11    14.9   20:48     42.4     00.0   00.00   03.0     08.1    12:29      NE
12    20.6   022.5   21:43    17.6   07:13     44.3     00.0   00.00   02.5     11.5    20:12      N 
13    20.2   033.8   15:02    12.0   00:00     44.7     00.0   00.00   02.9     13.8    00:08     WNW
14    23.4   035.1   14:08    11.7   00:33     41.5     00.0   00.00   03.1     11.5    14:29      N 
15    26.1   033.3   23:43    19.9   04:17     38.8     00.0   00.00   03.3     18.4    22:57      NW
16    35.8   042.4   15:35    24.6   08:15     29.1     00.0   00.03   09.1     36.8    18:35      NW
17    38.4   047.8   14:47    28.8   04:47     26.5     00.0   00.00   06.9     41.4    23:13     WNW
18    34.7   044.4   00:11    27.0   20:17     30.2     00.0   00.00   06.4     44.9    04:16      NW
19    36.8   044.6   13:58    23.9   04:03     28.1     00.0   00.34   11.8     52.9    13:49      NW
20    45.2   053.1   20:45    28.2   04:30     19.8     00.0   04.12   16.3     61.0    10:59     WNW
21    50.0   056.8   16:07    38.3   22:07     14.9     00.0   02.60   16.6     66.7    08:57     WNW
22    46.2   062.2   13:43    28.0   23:45     18.8     00.0   03.49   10.7     58.6    18:45     WNW
23    24.2   029.3   00:06    16.2   17:50     40.7     00.0   00.00   05.1     25.3    22:57      NW
24    39.4   052.2   13:31    26.4   00:22     25.6     00.0   00.00   12.6     41.4    10:45     WNW
25    47.0   059.5   15:00    39.0   01:46     17.9     00.0   00.00   07.2     51.8    19:26     WNW
26    50.2   059.9   15:41    38.8   01:38     14.8     00.0   00.31   10.3     65.5    19:58     WNW
27    38.3   042.8   12:27    29.3   00:00     26.7     00.0   00.11   11.7     48.3    12:16      NW
28    27.4   030.0   03:47    25.0   10:51     37.5     00.0   00.00   02.4     06.9    14:18     NNE
29    26.8   033.8   15:18    19.2   06:33     38.1     00.0   00.00   02.2     09.2    23:50     NNW
--------------------------------------------------------------------------------------------------------
36.2 (35.9)   62.2  day 22     11.7  day 14   833.9    000.0   11.02   06.8     66.7   day 22      NW
Max