NOAA-Style Climate Reports


Report for 2021 January

Daily noaa report



                            MONTHLY CLIMATOLOGICAL SUMMARY for JAN. 2021

NAME: Rockcreek-Hillcrest   CITY: Superior STATE: Colorado
ELEV: 5612 ft LAT: 039:55:38 LONG: 0105:09:26

                            TEMPERATURE ( °F), RAIN (in.), WIND SPEED (mph)

                                               HEAT     COOL           AVG
      MEAN                                     DEG      DEG            WIND                       DOM
DAY   TEMP    HIGH   TIME     LOW    TIME      DAYS     DAYS    RAIN   SPEED    HIGH    TIME      DIR
--------------------------------------------------------------------------------------------------------
01    27.9   038.5   16:41    22.8   23:27     37.0     00.0   00.00   03.9     14.9    13:28      NW
02    35.2   050.2   13:19    21.2   04:35     29.7     00.0   00.04   11.1     48.3    10:20      NW
03    43.1   050.5   12:30    37.2   01:17     21.8     00.0   00.66   17.7     61.0    11:44      NW
04    41.9   055.6   15:37    31.3   23:47     23.1     00.0   00.06   06.6     39.1    04:05     WNW
05    40.3   051.8   10:31    24.6   23:31     24.6     00.0   00.64   12.8     63.3    11:06      NW
06    32.2   042.4   15:32    24.3   01:01     32.7     00.0   00.00   04.2     19.6    15:36      NW
07    33.6   044.6   11:46    25.9   03:31     31.3     00.0   00.00   04.9     24.1    21:19     NNW
08    33.0   042.8   14:55    23.0   06:52     32.0     00.0   00.00   04.9     21.9    15:35     WSW
09    26.8   029.8   14:18    23.9   01:17     38.1     00.0   00.00   02.8     09.2    10:15     NNW
10    25.6   032.0   15:07    17.4   20:24     39.4     00.0   00.00   02.9     08.1    15:21     NNW
11    28.0   045.5   16:18    16.5   07:31     36.9     00.0   00.00   03.9     19.6    12:40     WNW
12    38.6   052.7   00:00    20.1   00:41     26.4     00.0   00.01   05.2     43.7    21:25      W 
13    52.7   058.8   11:44    44.4   00:00     12.2     00.0   02.76   12.9     57.5    23:47     WNW
14    31.0   044.4   00:01    20.7   23:37     33.9     00.0   00.15   06.4     51.8    00:01     NNW
15    32.1   043.5   16:01    19.9   02:56     32.9     00.0   00.00   04.6     26.4    20:34      SW
16    39.8   048.6   02:09    27.3   21:52     25.1     00.0   00.13   10.3     49.5    02:00     WNW
17    39.1   049.5   14:52    26.6   02:38     25.9     00.0   02.25   11.5     54.0    20:16      NW
18    32.5   046.4   01:01    25.5   23:39     32.4     00.0   00.00   04.2     41.4    00:52     ENE
19    28.1   037.2   15:54    22.6   20:07     36.8     00.0   00.00   03.1     14.9    15:23      NW
20    42.1   055.4   15:38    19.4   02:41     22.9     00.0   00.32   11.4     52.9    10:55     WNW
21    41.1   046.6   11:07    26.3   00:00     23.9     00.0   00.00   10.3     41.4    01:02      NW
22    29.8   040.6   13:32    19.6   07:20     35.2     00.0   00.00   04.4     25.3    13:19     NNE
23    28.5   039.9   12:34    19.9   07:35     36.4     00.0   00.00   04.5     25.3    15:28      NE
24    25.5   032.5   15:14    22.5   04:14     39.5     00.0   00.00   02.0     09.2    15:27      NE
25    24.9   032.2   14:35    19.0   08:05     40.0     00.0   00.00   03.9     14.9    11:53     ENE
26    18.0   020.7   07:41    11.1   00:00     46.9     00.0   00.00   02.4     09.2    15:28      NE
27    16.7   025.9   15:09    06.1   07:29     48.3     00.0   00.00   02.0     11.5    23:43      NE
28    35.2   052.5   11:21    21.6   01:19     29.7     00.0   00.00   04.1     18.4    12:00     NNW
29    42.1   054.9   14:52    33.3   05:29     22.9     00.0   00.00   05.5     29.9    09:42      NW
30    42.4   048.9   12:01    36.7   01:00     22.5     00.0   00.05   06.4     51.8    15:38      NW
31    31.7   040.8   14:54    24.3   04:47     33.2     00.0   -----               
--------------------------------------------------------------------------------------------------------
33.5 (33.7)   58.8  day 13     06.1  day 27   973.6    000.0   07.17   06.2     63.3   day 05      NW
Max