NOAA-Style Climate Reports


Report for 2021 February

Daily noaa report



                            MONTHLY CLIMATOLOGICAL SUMMARY for FEB. 2021

NAME: 5-Scotts.com   CITY: Superior STATE: CO
ELEV: 5531 LAT: 039:56:59 LONG: 0105:09:40

                            TEMPERATURE ( °F), RAIN (in.), WIND SPEED (mph)

                                               HEAT     COOL           AVG
      MEAN                                     DEG      DEG            WIND                       DOM
DAY   TEMP    HIGH   TIME     LOW    TIME      DAYS     DAYS    RAIN   SPEED    HIGH    TIME      DIR
--------------------------------------------------------------------------------------------------------
01    40.3   055.0   10:01    27.3   00:49     24.6     00.0   00.00   02.8     12.7    14:27     WNW
02    50.8   062.1   15:00    36.9   01:25     14.1     00.0   00.00   02.9     38.0    14:54     ENE
03    48.9   061.7   11:55    32.6   23:49     16.1     00.0   00.28   04.3     35.7    18:40      N 
04    31.2   037.2   14:27    19.4   04:57     33.8     00.0   00.29   03.4     09.2    22:31      NW
05    34.5   041.0   15:31    28.6   05:17     30.5     00.0   00.00   03.4     11.5    14:15      NW
06    34.5   041.0   16:01    25.7   21:39     30.4     00.0   00.00   02.7     12.7    12:24     NNW
07    37.2   050.7   21:50    11.3   00:00     27.7     00.0   00.01   03.7     34.5    09:06      NW
08    16.6   027.9   15:55    10.4   10:41     48.4     00.0   00.00   01.1     03.5    21:19     ENE
09    17.7   027.3   15:36    08.6   06:57     47.2     00.0   00.00   01.2     03.5    23:39      NE
10    17.1   028.0   19:49    10.4   10:48     47.9     00.0   00.00   01.0     03.5    19:56      NE
11    13.5   018.7   13:16    05.5   00:00     51.4     00.0   00.00   01.1     04.6    00:00      E 
12    03.6   009.0   15:20   -01.3   13:13     61.4     00.0   00.00   03.3     12.7    14:46      NW
13    02.0   007.0   10:34   -04.4   07:38     62.9     00.0   00.00   04.1     13.8    20:17      NE
14   -03.5   001.6   13:32   -07.1   07:37     68.4     00.0   00.00   04.1     11.5    15:19     ENE
15    06.5   019.8   12:01   -09.6   03:03     58.4     00.0   00.00   02.5     11.5    23:59      E 
16    25.6   040.8   11:38    05.5   03:32     39.3     00.0   00.01   03.7     16.1    12:24      E 
17    25.0   028.6   16:07    21.0   03:16     39.9     00.0   00.00   03.5     15.0    17:38     ENE
18    22.6   030.6   15:22    15.4   06:25     42.3     00.0   00.11   02.7     23.0    23:47      W 
19    32.7   056.5   19:13    13.8   03:53     32.2     00.0   00.00   07.8     36.8    09:31      NW
20    37.1   051.1   11:27    26.9   04:03     27.8     00.0   00.00   04.3     20.7    17:30      N 
21    33.5   040.2   14:02    25.1   04:53     31.5     00.0   00.00   11.5     42.6    21:54     WNW
--------------------------------------------------------------------------------------------------------
25.1 (24.7)   62.1  day 02    -09.6  day 15   836.2    000.0   00.43   03.6     42.6   day 21      NW
Max