NOAA-Style Climate Reports


Report for 2021 March

Daily noaa report



                            MONTHLY CLIMATOLOGICAL SUMMARY for MAR. 2021

NAME: 5-Scotts.com   CITY: Superior STATE: CO
ELEV: 5531 LAT: 039:56:59 LONG: 0105:09:40

                            TEMPERATURE ( °F), RAIN (in.), WIND SPEED (mph)

                                               HEAT     COOL           AVG
      MEAN                                     DEG      DEG            WIND                       DOM
DAY   TEMP    HIGH   TIME     LOW    TIME      DAYS     DAYS    RAIN   SPEED    HIGH    TIME      DIR
--------------------------------------------------------------------------------------------------------
01    34.4   051.8   17:05    20.1   03:35     30.6     00.0   00.00   02.5     10.3    21:43      SW
02    45.0   064.1   15:00    27.9   06:32     19.9     00.0   00.00   03.1     14.9    21:26     WSW
03    46.9   061.8   13:27    34.2   05:54     18.1     00.0   00.00   03.7     13.8    14:18     WSW
04    38.3   044.0   13:27    32.6   04:25     26.6     00.0   00.01   04.8     23.0    18:07      N 
05    45.9   060.2   15:34    34.7   01:32     19.1     00.0   00.00   04.6     18.4    04:52     WSW
06    49.1   066.7   16:18    31.6   05:05     15.8     00.0   00.00   05.1     38.0    23:29      SW
07    56.2   067.7   15:29    44.4   00:00     08.7     00.0   00.00   05.4     27.6    00:03     SSW
08    50.1   065.7   15:09    37.6   03:55     14.9     00.0   00.00   05.4     28.8    20:25     WSW
09    48.7   062.4   18:01    41.3   07:20     16.3     00.0   00.00   05.3     19.6    19:35      NW
10    37.3   048.1   14:19    27.0   22:53     27.6     00.0   00.07   08.0     42.5    16:47      W 
11    34.1   044.2   15:11    23.4   06:53     30.9     00.0   00.00   04.4     19.6    13:07      NW
12    36.4   040.4   15:42    32.8   02:51     28.5     00.0   00.03   02.6     11.5    14:38      NW
13    33.1   037.4   00:09    30.1   21:16     31.9     00.0   00.10   03.3     14.9    09:54      NE
14    28.7   031.5   08:02    25.2   00:00     36.2     00.0   00.00   07.1     31.1    12:10     NNW
15    27.3   039.9   20:56    19.1   02:25     37.6     00.0   00.36   04.3     19.6    08:57     SSW
16    29.9   039.3   12:11    21.9   06:20     35.0     00.0   00.00   03.5     13.8    15:09      E 
17    33.6   042.4   15:07    27.2   23:57     31.3     00.0   00.01   03.4     14.9    12:07      SW
18    33.2   047.5   13:01    22.1   05:51     31.8     00.0   00.00   02.9     11.5    16:40      W 
19    40.9   059.2   13:38    25.8   07:06     24.1     00.0   00.00   02.8     11.5    16:06      SW
20    47.7   060.7   12:29    36.5   03:22     17.2     00.0   00.00   03.8     13.8    15:26      SW
21    38.3   050.6   01:11    29.9   00:00     26.7     00.0   00.04   06.3     35.6    06:23      S 
22    33.0   037.6   10:40    29.1   07:21     32.0     00.0   00.32   02.5     52.9    10:06     WNW
23    34.9   040.5   12:19    28.3   07:13     30.0     00.0   00.00   06.7     24.1    13:58      N 
24    33.0   040.6   13:50    29.0   05:01     31.9     00.0   00.02   05.0     21.9    00:29      W 
25    45.7   052.4   15:37    30.5   10:01     19.3     00.0   00.02   04.7     19.6    20:02     WSW
26    39.1   047.4   16:01    33.6   06:22     25.8     00.0   00.01   04.4     20.7    13:56      W 
27    41.6   053.1   17:22    30.5   02:33     23.3     00.0   00.00   06.5     23.0    05:31      W 
28    49.8   062.0   17:40    31.7   06:43     15.1     00.0   00.00   08.7     39.1    15:03      W 
29    56.4   070.6   14:55    30.3   00:00     08.5     00.0   00.00   13.4     44.9    20:33     WSW
30    31.5   041.8   18:11    24.0   07:13     33.4     00.0   00.01   07.1     32.2    00:03      SE
31    38.7   052.9   15:37    23.4   05:32     26.2     00.0   00.00   04.8     20.7    11:30     SSE
--------------------------------------------------------------------------------------------------------
40.0 (40.3)   70.6  day 29     19.1  day 15   774.3    000.0   00.98   05.0     52.9   day 29     WSW
Max  0.8in)