NOAA-Style Climate Reports


Report for 2021 April

Daily noaa report



                            MONTHLY CLIMATOLOGICAL SUMMARY for APR. 2021

NAME: 5-Scotts.com   CITY: Superior STATE: CO
ELEV: 5531 LAT: 039:56:59 LONG: 0105:09:40

                            TEMPERATURE ( °F), RAIN (in.), WIND SPEED (mph)

                                               HEAT     COOL           AVG
      MEAN                                     DEG      DEG            WIND                       DOM
DAY   TEMP    HIGH   TIME     LOW    TIME      DAYS     DAYS    RAIN   SPEED    HIGH    TIME      DIR
--------------------------------------------------------------------------------------------------------
01    48.0   072.5   18:15    25.6   07:07     17.0     00.0   00.00   04.7     17.3    22:22     SSW
02    61.0   074.6   17:00    47.0   01:56     03.9     00.0   00.00   07.1     29.9    06:48     WSW
03    61.5   077.5   14:59    46.6   03:02     03.5     00.0   00.00   06.4     23.0    16:03      S 
04    67.8   077.9   16:57    52.3   01:09     00.0     02.9   00.00   08.6     29.9    17:24      W 
05    64.5   077.8   13:46    52.1   07:02     00.4     00.0   00.00   06.8     26.4    11:43     SSW
06    45.1   055.8   00:02    35.1   00:00     19.9     00.0   00.08   06.1     44.9    17:43      N 
07    45.7   061.4   16:04    33.2   06:28     19.2     00.0   00.00   05.9     28.8    16:36     WSW
08    57.2   068.8   17:13    44.2   06:24     07.8     00.0   00.00   07.6     33.4    18:00      W 
09    43.9   055.3   00:01    30.8   00:00     21.0     00.0   00.00   08.5     35.6    06:54     NNW
10    48.0   069.1   16:06    27.8   06:44     17.0     00.0   00.00   05.6     34.5    17:50     WSW
11    48.1   056.8   01:41    36.0   23:59     16.8     00.0   00.00   07.8     28.8    04:19     ENE
12    34.2   039.8   15:21    25.6   05:07     30.7     00.0   00.00   03.8     16.1    16:33      N 
13    34.2   040.4   15:39    27.1   07:39     30.8     00.0   00.02   05.1     19.6    16:50     NNW
14    33.0   040.5   15:57    26.6   09:02     31.9     00.0   00.00   05.4     17.3    22:32     NNW
15    32.7   036.5   13:43    28.1   00:00     32.3     00.0   00.00   03.6     17.3    15:00     NNW
16    30.3   035.1   14:38    26.4   06:49     34.7     00.0   00.37   02.5     11.5    15:08     NNW
17    35.0   045.9   16:21    27.1   04:41     30.0     00.0   00.02   04.4     14.9    00:00     WSW
18    45.2   056.6   17:29    32.6   04:40     19.7     00.0   00.00   07.5     23.0    14:32      W 
19    28.0   046.7   06:10    20.4   23:29     37.0     00.0   00.03   05.8     31.1    07:02      NE
20    24.5   034.9   13:05    13.7   05:04     40.4     00.0   00.21   03.8     17.3    14:55     ESE
21    29.2   030.9   15:47    27.7   07:06     35.7     00.0   00.01   04.2     12.7    15:00     ESE
22    38.7   050.5   17:20    29.7   06:44     26.2     00.0   00.01   04.3     18.4    23:40      NW
23    45.0   055.5   16:39    36.8   05:30     19.9     00.0   00.01   06.1     34.5    17:37     WNW
24    46.7   064.8   16:55    34.1   05:24     18.2     00.0   00.00   04.1     14.9    18:19      NW
25    61.4   078.0   17:21    44.5   04:56     03.5     00.0   00.00   06.8     29.9    17:32     SSW
26    64.5   075.7   14:01    51.5   03:48     00.4     00.0   00.00   07.2     25.3    11:44     WSW
27    48.4   058.9   13:33    36.6   00:00     16.5     00.0   00.77   06.9     24.1    15:00      NW
28    48.3   059.6   17:11    32.0   06:01     16.6     00.0   00.21   04.4     14.9    23:35      NW
29    56.4   070.6   16:57    44.1   04:43     08.5     00.0   00.00   05.5     18.4    15:35     SSW
30    65.5   081.1   16:19    49.1   02:32     00.0     00.5   00.00   06.0     19.6    14:49     SSW
--------------------------------------------------------------------------------------------------------
46.4 (46.6)   81.1  day 30     13.7  day 20   559.6    003.4   01.75   05.7     44.9   day 06      W 
Max  0.8in)