NOAA-Style Climate Reports


Report for 2021 May

Daily noaa report



                            MONTHLY CLIMATOLOGICAL SUMMARY for MAY. 2021

NAME: 5-Scotts.com   CITY: Superior STATE: CO
ELEV: 5531 LAT: 039:56:59 LONG: 0105:09:40

                            TEMPERATURE ( °F), RAIN (in.), WIND SPEED (mph)

                                               HEAT     COOL           AVG
      MEAN                                     DEG      DEG            WIND                       DOM
DAY   TEMP    HIGH   TIME     LOW    TIME      DAYS     DAYS    RAIN   SPEED    HIGH    TIME      DIR
--------------------------------------------------------------------------------------------------------
01    72.1   086.4   14:42    59.5   00:00     00.0     07.2   00.00   06.8     56.4    19:15     SSW
02    54.9   066.4   10:48    44.7   00:00     10.0     00.0   00.46   06.1     40.3    11:07     NNW
03    38.4   044.7   00:05    35.4   09:38     26.5     00.0   01.20   05.4     18.4    00:41      N 
04    46.9   059.9   16:15    35.9   04:23     18.1     00.0   00.02   04.5     29.9    17:53     WSW
05    49.2   059.1   18:26    41.3   06:21     15.8     00.0   00.02   04.8     20.7    14:42      NE
06    54.1   071.5   16:24    40.1   06:25     10.8     00.0   00.00   04.5     16.1    14:13      NW
07    65.7   083.6   16:04    45.6   05:22     00.0     00.7   00.00   05.2     34.5    14:36      S 
08    59.7   072.6   13:23    44.3   00:00     05.2     00.0   00.11   11.1     57.5    15:58     WSW
09    43.2   050.4   13:20    37.2   06:42     21.7     00.0   00.26   05.9     26.4    12:41     SSE
10    38.6   045.5   12:57    32.6   23:18     26.3     00.0   00.23   04.5     40.3    19:51     NNW
11    36.6   045.1   17:38    32.6   04:32     28.3     00.0   00.18   02.9     12.7    13:43      N 
12    49.1   065.4   15:47    34.7   06:36     15.9     00.0   00.00   03.6     17.3    13:57     ESE
13    58.6   074.6   14:09    38.4   06:07     06.4     00.0   00.00   04.6     27.6    12:57     WNW
14    57.2   067.9   17:48    44.4   06:18     07.8     00.0   00.00   05.3     34.5    21:22      NW
15    54.7   063.1   12:35    46.5   04:25     10.2     00.0   00.00   04.0     19.6    15:23      NW
16    53.8   057.3   15:28    49.8   02:21     11.1     00.0   00.00   03.9     18.4    09:37     NNE
17    53.5   063.4   13:22    47.7   23:00     11.4     00.0   00.83   04.3     26.4    15:02      W 
18    52.0   060.2   16:16    46.1   02:27     13.0     00.0   00.01   04.0     16.1    17:32      W 
19    58.5   073.8   14:22    45.0   05:59     06.4     00.0   00.00   04.3     28.8    15:26      W 
20    63.4   077.9   16:40    47.6   06:02     01.5     00.0   00.00   05.0     26.4    14:26      NW
21    64.0   077.6   18:08    51.7   00:00     01.0     00.0   00.00   06.0     27.6    18:00      SW
22    53.4   060.3   14:14    46.0   06:06     11.5     00.0   00.00   04.5     18.4    17:11      N 
23    60.1   074.8   13:51    50.6   06:35     04.8     00.0   00.29   08.4     42.5    15:10      SW
24    58.6   074.7   17:27    41.7   05:36     06.3     00.0   00.00   04.8     21.9    00:08      SE
25    63.6   077.8   14:37    49.6   05:18     01.3     00.0   00.00   06.4     31.1    10:21      S 
26    62.4   076.5   18:42    49.2   05:26     02.6     00.0   00.00   04.1     27.6    23:05      W 
27    61.4   074.7   15:33    47.2   06:32     03.5     00.0   00.00   04.6     19.6    02:41      E 
28    63.0   078.5   16:22    48.0   06:40     01.9     00.0   00.00   04.7     33.4    17:39     NNW
29    59.4   068.3   09:10    50.6   05:55     05.6     00.0   00.02   04.4     18.4    09:09      NE
30    50.6   055.0   00:05    47.2   00:00     14.4     00.0   00.69   04.6     20.7    13:29      N 
31    51.2   059.9   19:34    46.8   05:47     13.7     00.0   00.13   02.4     10.3    14:08     NNW
--------------------------------------------------------------------------------------------------------
55.1 (55.6)   86.4  day 01     32.6  day 11   313.0    007.9   04.45   05.0     57.5   day 08     WNW
Max >=  86: 1
Min  .008in) 10 (> .08in) 2 (> 0.8in)