NOAA-Style Climate Reports


Report for 2021 June

Daily noaa report



                            MONTHLY CLIMATOLOGICAL SUMMARY for JUN. 2021

NAME: 5-Scotts.com   CITY: Superior STATE: CO
ELEV: 5531 LAT: 039:56:59 LONG: 0105:09:40

                            TEMPERATURE ( °F), RAIN (in.), WIND SPEED (mph)

                                               HEAT     COOL           AVG
      MEAN                                     DEG      DEG            WIND                       DOM
DAY   TEMP    HIGH   TIME     LOW    TIME      DAYS     DAYS    RAIN   SPEED    HIGH    TIME      DIR
--------------------------------------------------------------------------------------------------------
01    55.8   070.2   13:09    42.6   05:53     09.1     00.0   00.00   04.4     19.6    17:13      W 
02    63.0   075.5   15:54    49.2   06:27     01.9     00.0   00.00   04.2     16.1    14:53      W 
03    68.4   083.2   18:37    50.7   06:09     00.0     03.4   00.00   03.7     17.3    14:18      S 
04    73.2   087.7   17:10    55.4   04:07     00.0     08.2   00.00   04.2     16.1    14:44      SW
05    75.3   090.8   14:39    60.0   03:10     00.0     10.4   00.02   06.4     34.5    21:23     WSW
06    75.3   090.6   14:17    59.4   00:00     00.0     10.3   00.02   06.2     26.4    03:05      SW
07    71.5   091.2   14:55    54.8   04:37     00.0     06.6   00.00   04.7     33.4    16:22     WSW
08    73.9   087.6   16:35    56.1   05:16     00.0     08.9   00.00   05.1     26.4    18:45     WNW
09    74.9   091.0   17:58    58.8   05:59     00.0     10.0   00.00   05.3     20.7    16:26      S 
10    74.8   091.3   19:09    55.6   05:48     00.0     09.9   00.00   05.1     34.5    21:50      W 
11    68.4   079.4   17:00    55.6   06:19     00.0     03.5   00.00   07.9     28.8    01:27     SSE
12    69.0   085.8   19:44    48.4   05:38     00.0     04.1   00.00   04.2     19.6    17:24     WNW
13    76.4   093.5   17:27    57.3   05:41     00.0     11.5   00.00   05.2     28.8    17:50      S 
14    78.8   097.9   15:39    61.3   06:08     00.0     13.8   00.00   04.3     14.9    18:09      SW
15    81.1   098.1   16:25    59.5   06:02     00.0     16.1   00.00   04.5     16.1    22:06     WSW
16    85.0   098.1   15:29    72.7   23:56     00.0     20.0   00.00   06.2     33.4    17:50      W 
17    84.0   099.6   15:15    67.4   03:36     00.0     19.1   00.00   05.1     42.5    19:37     SSW
18    78.1   089.6   13:40    66.4   05:55     00.0     13.2   00.00   02.1     17.3    21:30      S 
19    72.3   083.1   12:53    59.2   06:21     00.0     07.4   00.00   02.3     24.1    19:27      SW
20    71.9   081.5   15:04    57.0   00:00     00.0     06.9   00.00   02.8     29.9    02:34      S 
21    59.3   070.9   17:11    50.2   04:01     05.7     00.0   00.00   02.2     18.4    20:41     ENE
22    71.6   091.0   16:10    50.5   04:03     00.0     06.7   00.00   02.2     10.3    08:58     ESE
23    79.8   094.6   12:22    60.3   04:26     00.0     14.8   00.00   02.3     14.9    07:56      W 
24    71.8   083.3   15:08    63.7   07:28     00.0     06.9   00.00   02.5     24.1    17:44     SSE
25    62.1   074.8   12:10    54.7   05:56     02.9     00.0   00.00   02.2     20.7    10:08     ESE
26    59.4   069.3   11:07    54.3   04:47     05.6     00.0   00.00   02.3     18.4    11:01      E 
27    60.5   072.3   16:29    53.6   06:21     04.4     00.0   00.00   02.4     16.1    13:35     SSE
28    62.1   072.1   13:49    51.6   06:23     02.8     00.0   00.00   02.4     14.9    13:47     SSE
29    63.3   075.2   15:16    50.5   05:59     01.7     00.0   00.00   02.7     20.7    16:00     SSW
30    67.3   082.2   15:38    53.6   04:23     00.0     02.4   00.00   02.3     21.9    10:32     SSW
--------------------------------------------------------------------------------------------------------
70.9 (70.7)   99.6  day 17     42.6  day 01   034.1    214.1   00.04   03.9     42.6   day 17      SW
Max >=  86: 15
Min  .008in) 0 (> .08in) 0 (> 0.8in)