NOAA-Style Climate Reports


Report for 2021 July

Daily noaa report



                            MONTHLY CLIMATOLOGICAL SUMMARY for JUL. 2021

NAME: 5-Scotts.com   CITY: Superior STATE: CO
ELEV: 5531 LAT: 039:56:59 LONG: 0105:09:40

                            TEMPERATURE ( °F), RAIN (in.), WIND SPEED (mph)

                                               HEAT     COOL           AVG
      MEAN                                     DEG      DEG            WIND                       DOM
DAY   TEMP    HIGH   TIME     LOW    TIME      DAYS     DAYS    RAIN   SPEED    HIGH    TIME      DIR
--------------------------------------------------------------------------------------------------------
01    64.6   077.5   14:31    58.8   16:44     00.3     00.0   00.00   02.5     16.1    11:26     NNW
02    67.5   082.8   15:55    52.9   04:54     00.0     02.6   00.00   01.9     16.1    11:53     WSW
03    72.7   090.1   14:01    58.5   04:08     00.0     07.8   00.00   01.7     12.7    14:24      SW
04    74.2   088.7   13:23    62.2   06:32     00.0     09.3   00.00   01.9     13.8    16:28     WSW
05    72.9   088.0   13:44    59.9   04:14     00.0     08.0   00.00   01.8     12.7    18:44      W 
06    71.4   083.3   14:59    61.5   05:48     00.0     06.4   00.00   01.8     26.4    09:47     SSE
07    73.9   089.2   15:46    60.1   05:33     00.0     09.0   00.00   01.8     12.7    10:46     NNW
08    79.7   098.2   14:28    62.4   03:08     00.0     14.7   00.00   01.8     11.5    23:59     WNW
09    82.7   094.3   14:16    71.1   00:38     00.0     17.7   00.00   02.5     17.3    03:36      W 
10    73.0   083.5   16:31    59.0   06:42     00.0     08.0   00.00   01.9     21.9    09:25     SSE
11    70.3   086.0   16:36    56.8   06:31     00.0     05.3   00.00   01.9     21.9    10:19      E 
12    73.2   090.1   16:35    57.7   07:00     00.0     08.3   00.00   01.7     09.2    21:08      E 
13    73.1   081.0   14:13    63.3   07:05     00.0     08.1   00.00   02.6     26.4    15:47     WSW
14    66.5   076.1   16:28    59.5   06:16     00.0     01.6   00.00   02.3     14.9    09:43      NE
15    69.1   084.7   17:45    52.7   06:16     00.0     04.2   00.00   02.3     14.9    10:46     SSW
16    74.1   090.3   14:48    58.6   06:04     00.0     09.2   00.00   02.1     17.3    22:07      W 
17    74.7   091.2   16:24    61.0   06:48     00.0     09.7   00.00   01.7     25.3    09:36     SSW
18    75.4   092.5   15:00    58.5   06:33     00.0     10.4   00.00   01.8     19.6    09:19     ESE
19    77.5   092.1   16:23    61.7   06:25     00.0     12.6   00.00   01.6     08.1    21:24      E 
20    76.7   093.9   16:10    58.8   06:15     00.0     11.8   00.00   01.7     11.5    22:55      E 
21    74.9   089.4   15:03    62.6   06:28     00.0     09.9   00.00   02.0     13.8    08:29      SW
22    79.5   095.2   16:01    63.3   06:31     00.0     14.6   00.00   02.1     14.9    21:11      NW
23    76.7   092.1   13:57    66.2   23:37     00.0     11.7   00.00   01.8     08.1    23:50     SSE
24    74.5   084.0   15:24    64.8   05:40     00.0     09.5   00.00   01.4     09.2    23:52     WNW
25    74.9   092.3   16:04    63.1   07:10     00.0     09.9   00.00   01.9     17.3    19:28     SSE
26    75.8   092.7   15:54    59.0   05:59     00.0     10.9   00.00   01.7     09.2    08:55     ESE
27    77.6   093.2   17:10    58.5   06:45     00.0     12.7   00.00   01.9     09.2    08:45      E 
28    79.5   097.5   16:33    62.6   06:17     00.0     14.6   00.00   01.7     08.1    23:01      SE
29    77.8   091.4   16:43    65.1   07:07     00.0     12.8   00.00   02.0     10.3    08:31     ENE
30    74.7   092.3   16:33    63.0   23:57     00.0     09.7   00.00   01.9     13.8    19:02      S 
31    65.2   072.7   15:39    61.7   18:58     00.0     00.3   00.00   02.7     17.3    13:25      S 
--------------------------------------------------------------------------------------------------------
74.0 (74.7)   98.2  day 08     52.7  day 15   000.3    281.3   00.00   01.9     26.5   day 17     SSW
Max >=  86: 22
Min  .008in) 0 (> .08in) 0 (> 0.8in)