NOAA-Style Climate Reports


Report for 2022 February

Daily noaa report



                            MONTHLY CLIMATOLOGICAL SUMMARY for FEB. 2022

NAME: 5-Scotts.com   CITY: Loveland STATE: CO
ELEV: 4963.14 LAT: 040:25:7.386 LONG: 0105:00:54.983

                            TEMPERATURE ( °F), RAIN (in.), WIND SPEED (mph)

                                               HEAT     COOL           AVG
      MEAN                                     DEG      DEG            WIND                       DOM
DAY   TEMP    HIGH   TIME     LOW    TIME      DAYS     DAYS    RAIN   SPEED    HIGH    TIME      DIR
--------------------------------------------------------------------------------------------------------
01    24.3   029.3   00:01    14.2   00:00     40.6     00.0   00.00   03.0     17.3    21:51     NNE
02    08.4   014.2   00:08    01.0   23:55     56.5     00.0   00.00   02.6     09.2    16:00     NNE
03    02.1   015.8   14:33   -13.2   07:43     62.8     00.0   00.00   00.9     08.1    10:14     SSW
04    15.4   036.7   14:05   -04.2   04:28     49.6     00.0   00.00   01.4     10.3    14:42     SSW
05    32.1   052.3   13:32    11.5   00:41     32.8     00.0   00.00   02.1     14.9    23:22      NW
06    31.1   041.2   10:54    17.6   23:41     33.8     00.0   00.00   02.4     11.5    03:18     WNW
07    30.0   049.1   14:37    12.4   07:27     34.9     00.0   00.00   01.6     08.1    14:19      SW
08    40.2   055.0   13:54    26.2   01:35     24.7     00.0   00.00   02.1     13.8    10:59     WNW
09    36.0   045.7   14:49    26.2   04:44     28.9     00.0   00.00   01.9     13.8    20:10     NNW
10    38.7   051.8   14:24    23.5   07:06     26.2     00.0   00.00   01.6     09.2    02:32     WNW
11    33.6   049.1   03:18    22.1   00:00     31.3     00.0   00.00   03.8     19.6    14:45      N 
12    25.8   038.7   15:38    13.8   06:35     39.1     00.0   00.00   01.5     10.3    12:08      SW
13    33.9   054.5   14:46    16.7   06:26     31.0     00.0   00.00   01.6     09.2    14:26      SW
14    36.0   050.2   14:28    21.2   07:14     28.9     00.0   00.00   01.4     08.1    05:12     NNW
15    39.9   059.2   14:36    25.9   05:51     25.1     00.0   00.00   01.8     10.3    23:13     NNW
16    27.0   035.4   00:02    17.6   00:00     37.9     00.0   00.00   01.8     09.2    11:41      N 
17    22.2   027.1   00:00    06.1   07:29     42.7     00.0   00.00   03.4     10.3    12:16     SSW
18    32.9   044.8   12:40    23.9   00:00     32.0     00.0   00.00   03.3     09.2    09:24     SSW
19    33.9   050.4   14:37    17.8   07:18     31.1     00.0   00.00   01.4     10.3    10:06     WSW
20    44.2   055.6   16:20    28.4   02:15     20.7     00.0   00.00   01.9     09.2    16:08      NW
21    24.8   044.2   09:40    03.7   00:00     40.2     00.0   00.00   04.0     18.4    10:40     NNE
22    02.9   009.7   14:25   -02.0   07:17     62.1     00.0   00.00   03.3     11.5    05:00     NNE
23    03.9   012.9   14:25   -03.8   06:58     61.1     00.0   00.00   02.5     09.2    04:09      NE
24    10.0   018.7   14:34    02.3   06:17     54.9     00.0   00.00   02.1     12.7    02:33      NE
25    15.7   025.7   16:27    03.0   07:04     49.3     00.0   00.00   01.2     06.9    01:50      N 
26    20.2   034.9   14:42    04.1   07:01     44.8     00.0   00.00   01.3     08.1    11:50      SW
27    30.8   051.1   14:40    09.5   06:48     34.1     00.0   00.00   01.2     08.1    13:40     WNW
28    40.3   048.0   20:44    26.8   06:52     24.6     00.0   00.00   02.4     06.9    08:17      SW
--------------------------------------------------------------------------------------------------------
26.3 (26.0)   59.2  day 15    -13.2  day 03   1081.9    000.0   00.00   02.1     19.6   day 21     NNW
Max