NOAA-Style Climate Reports


Report for 2022 May

Daily noaa report



                            MONTHLY CLIMATOLOGICAL SUMMARY for MAY. 2022

NAME: 5-Scotts.com   CITY: Loveland STATE: CO
ELEV: 4963.14 LAT: 040:25:7.386 LONG: 0105:00:54.983

                            TEMPERATURE ( °F), RAIN (in.), WIND SPEED (mph)

                                               HEAT     COOL           AVG
      MEAN                                     DEG      DEG            WIND                       DOM
DAY   TEMP    HIGH   TIME     LOW    TIME      DAYS     DAYS    RAIN   SPEED    HIGH    TIME      DIR
--------------------------------------------------------------------------------------------------------
01    49.7   064.2   14:39    34.9   06:31     15.3     00.0   00.00   01.9     14.9    20:24      N 
02    39.4   073.6   17:06    36.0   09:06     25.5     00.0   00.00   03.1     11.5    17:05      N 
03    43.3   055.2   16:13    34.0   07:40     21.6     00.0   00.32   02.1     10.3    21:18      N 
04    44.9   053.6   14:09    39.6   06:53     20.1     00.0   00.50   02.0     09.2    15:21      N 
05    54.5   072.9   17:31    37.8   05:21     10.4     00.0   00.01   01.5     08.1    21:14     WSW
06    63.2   079.0   16:40    43.7   06:18     01.8     00.0   00.01   01.4     10.3    17:11     NNE
07    68.8   079.5   22:43    47.1   06:13     00.0     03.9   00.02   02.5     10.3    23:27     SSE
08    59.4   072.0   17:48    48.2   05:25     05.5     00.0   00.06   02.5     19.6    23:05      SW
09    56.2   069.8   16:29    42.4   05:42     08.8     00.0   00.01   02.8     18.4    00:12     ENE
10    54.6   066.9   18:00    42.3   06:21     10.4     00.0   00.02   02.4     12.7    14:37     SSE
11    64.4   086.0   15:18    44.4   06:08     00.5     00.0   00.02   01.7     13.8    22:27     NNW
12    60.0   068.9   15:54    49.3   06:08     04.9     00.0   00.03   03.2     21.9    15:24     WNW
13    62.1   075.0   17:52    46.9   06:24     02.9     00.0   00.00   02.9     19.6    11:24      W 
14    64.6   081.5   14:17    46.0   05:54     00.3     00.0   00.03   01.4     10.3    10:32     NNE
15    63.6   075.0   16:16    51.3   02:39     01.4     00.0   00.09   01.7     11.5    16:53      E 
16    65.8   083.1   16:16    45.7   05:53     00.0     00.9   00.01   01.3     11.5    18:08     WSW
17    67.2   086.0   12:50    50.4   05:44     00.0     02.2   00.38   01.4     10.3    22:31      NW
18    69.2   084.4   15:45    54.7   05:12     00.0     04.2   00.02   01.0     14.9    15:00     SSW
19    66.3   085.3   18:05    39.7   00:00     00.0     01.4   00.00   02.5     19.6    16:32     WNW
20    37.1   040.6   11:01    32.9   19:05     27.9     00.0   00.52   01.8     10.3    14:09      NW
21    42.8   052.2   16:04    33.8   06:05     22.1     00.0   00.00   02.1     13.8    13:49     WSW
22    48.3   061.0   17:27    33.3   05:49     16.6     00.0   00.00   01.5     12.7    10:30     SSW
23    50.6   063.3   13:31    41.2   05:48     14.3     00.0   00.31   01.7     12.7    17:09     NNW
24    46.8   055.6   17:06    39.4   06:59     18.1     00.0   00.01   01.2     09.2    15:10     WSW
25    57.8   074.8   17:16    39.0   04:39     07.1     00.0   00.02   01.4     11.5    12:04      W 
26    65.9   085.8   16:48    43.5   05:27     00.0     01.0   00.02   01.2     10.3    13:12      SW
27    71.0   091.8   14:18    50.2   05:52     00.0     06.1   00.01   01.6     17.3    14:09      SW
28    67.0   084.4   15:36    53.1   04:54     00.0     02.1   00.02   01.2     13.8    17:34     WSW
29    58.7   074.5   12:16    50.9   20:28     06.3     00.0   00.44   01.5     11.5    10:48      SW
30    55.6   067.8   16:10    46.0   05:45     09.3     00.0   00.09   02.2     17.3    14:17      W 
31    49.6   061.5   11:06    37.8   05:52     15.3     00.0   00.77   01.2     10.3    14:24     WNW
--------------------------------------------------------------------------------------------------------
57.0 (57.4)   91.8  day 27     32.9  day 20   266.5    021.8   03.76   01.9     21.9   day 12     WNW
Max >=  86: 3
Min  .008in) 9 (> .08in) 0 (> 0.8in)