NOAA-Style Climate Reports


Report for 2022 July

Daily noaa report



                            MONTHLY CLIMATOLOGICAL SUMMARY for JUL. 2022

NAME: 5-Scotts.com   CITY: Loveland STATE: CO
ELEV: 4963.14 LAT: 040:25:7.386 LONG: 0105:00:54.983

                            TEMPERATURE ( °F), RAIN (in.), WIND SPEED (mph)

                                               HEAT     COOL           AVG
      MEAN                                     DEG      DEG            WIND                       DOM
DAY   TEMP    HIGH   TIME     LOW    TIME      DAYS     DAYS    RAIN   SPEED    HIGH    TIME      DIR
--------------------------------------------------------------------------------------------------------
01    68.8   083.5   16:24    55.2   06:02     00.0     03.8   00.09   01.2     12.7    20:44     SSW
02    71.2   086.4   17:07    54.7   05:45     00.0     06.2   00.00   00.9     11.5    13:41     SSW
03    73.8   092.7   14:43    60.4   06:03     00.0     08.9   00.07   01.3     11.5    15:15      W 
04    77.2   093.9   14:47    58.1   06:08     00.0     12.3   00.10   01.3     10.3    17:45     WSW
05    76.2   090.1   12:12    62.8   06:04     00.0     11.3   00.07   01.3     11.5    14:39      W 
06    70.2   083.5   13:56    61.7   23:49     00.0     05.2   00.06   01.2     12.7    17:17      W 
07    71.3   086.5   13:27    59.5   06:07     00.0     06.4   00.01   01.1     14.9    13:28     SSW
08    74.6   091.8   16:22    56.8   06:03     00.0     09.7   00.00   01.2     11.5    12:09     SSW
09    81.3   099.3   16:22    60.3   05:56     00.0     16.4   00.00   01.0     09.2    13:09      SW
10    79.9   100.0   15:35    62.8   05:57     00.0     15.0   00.05   01.2     12.7    16:36      SW
11    70.6   079.3   16:10    61.9   06:03     00.0     05.6   00.00   01.6     19.6    07:52     WNW
12    74.2   090.9   15:25    59.4   06:11     00.0     09.3   00.07   01.1     16.1    16:27      SW
13    76.6   098.1   16:17    58.5   04:59     00.0     11.7   00.01   01.2     10.3    19:26     WNW
14    79.2   097.3   14:43    63.7   05:51     00.0     14.2   00.07   01.2     17.3    10:27      SW
15    79.8   096.6   15:28    69.6   00:00     00.0     14.9   00.13   01.2     16.1    16:34     NNW
16    75.3   088.2   11:34    66.0   05:23     00.0     10.4   00.04   01.3     12.7    14:21      W 
17    79.5   096.1   15:29    60.6   06:08     00.0     14.5   00.00   01.1     09.2    20:17     SSE
18    82.3   103.3   14:35    66.7   06:30     00.0     17.3   00.01   01.3     10.3    20:20     WSW
19    82.5   097.9   12:26    68.0   06:11     00.0     17.6   00.08   01.0     09.2    17:39      W 
20    76.5   092.7   15:00    65.8   05:59     00.0     11.6   00.15   01.3     09.2    13:44     SSW
21    78.0   097.5   14:29    61.2   06:14     00.0     13.1   00.00   01.2     18.4    15:43      SW
22    83.3   098.6   16:32    69.8   06:32     00.0     18.4   00.02   01.4     12.7    12:17     WNW
23    75.4   093.4   14:21    62.8   23:05     00.0     10.5   00.26   01.3     13.8    16:34     WSW
24    67.6   079.9   12:41    60.4   06:19     00.0     02.6   00.39   01.2     10.3    15:08     WSW
25    72.7   089.6   15:37    60.1   06:11     00.0     07.8   00.00   01.3     16.1    13:22      S 
26    74.2   086.2   15:10    59.9   06:28     00.0     09.3   00.48   01.4     11.5    13:07      NW
27    73.5   086.9   16:29    61.0   04:07     00.0     08.5   00.03   01.1     11.5    13:49      NW
28    66.5   073.8   13:03    57.7   07:37     00.0     01.5   01.00   01.4     10.3    06:06     SSW
29    71.2   082.4   13:35    61.7   06:12     00.0     06.2   00.01   01.3     10.3    15:14     SSW
30    74.0   092.5   17:14    57.2   06:12     00.0     09.1   00.00   01.1     11.5    14:27     SSW
31    75.1   090.7   12:10    60.4   06:10     00.0     10.1   00.02   01.4     14.9    14:17      W 
--------------------------------------------------------------------------------------------------------
75.2 (76.2)   103.3  day 18     54.7  day 02   000.0    319.5   03.23   01.2     19.6   day 15     WSW
Max >=  86: 25
Min  .008in) 8 (> .08in) 1 (> 0.8in)