^^
 NOAA style reports

NOAA-style Climate Reports

Select a Year or Month report
V/Λ2023 > Jan Feb Mar Apr May Jun Jul Aug Sep Oct Nov Dec
V/Λ2022 > Jan Feb Mar Apr May Jun Jul Aug Sep Oct Nov Dec
V/Λ2021 > Jan Feb Mar Apr May Jun Jul Aug Sep Oct Nov Dec

Report for 2023 09

Daily noaa report



                            MONTHLY CLIMATOLOGICAL SUMMARY for SEP. 2023

NAME: 5-Scotts.com   CITY: Loveland STATE: CO
ELEV: 4963.14 LAT: 040:25:7.386 LONG: 0105:00:54.983

                            TEMPERATURE ( F), RAIN (in.), WIND SPEED (mph)

                                               HEAT     COOL           AVG
      MEAN                                     DEG      DEG            WIND                       DOM
DAY   TEMP    HIGH   TIME     LOW    TIME      DAYS     DAYS    RAIN   SPEED    HIGH    TIME      DIR
--------------------------------------------------------------------------------------------------------
01    76.9   096.4   17:57    55.9   06:40     00.0     11.9   00.00   01.0     09.2    17:09     WSW
02    77.4   092.3   16:46    61.9   08:52     00.0     12.5   00.00   01.0     09.2    16:04     WSW
03    73.7   090.5   15:20    62.2   07:03     00.0     08.8   00.00   01.1     12.7    13:16     WSW
04    71.0   088.3   15:55    56.3   08:57     00.0     06.0   00.04   01.7     20.7    16:49      W 
05    65.8   079.0   15:12    56.1   06:33     00.0     00.9   00.04   01.4     11.5    15:13     WSW
06    66.5   084.2   17:40    48.9   06:40     00.0     01.6   00.00   00.8     10.3    14:40      SW
07    77.9   090.0   16:54    54.9   09:28     00.0     13.0   00.00   01.0     09.2    13:17     WSW
08    69.9   086.2   15:36    52.3   07:01     00.0     05.0   00.00   00.7     06.9    16:33      SW
09    69.7   086.7   14:44    52.2   05:42     00.0     04.7   00.01   01.1     10.3    16:01      SW
10    58.6   064.9   00:01    55.6   22:58     06.4     00.0   00.22   00.7     10.3    12:16     ESE
11    59.6   071.6   15:27    53.1   05:18     05.4     00.0   00.15   00.9     09.2    15:56     SSW
12    61.0   079.0   15:40    46.6   06:10     04.0     00.0   00.00   00.6     08.1    13:20     SSE
13    63.5   080.4   15:00    46.6   06:23     01.4     00.0   00.00   00.6     08.1    16:42      S 
14    58.3   072.5   13:08    50.9   05:04     06.6     00.0   00.34   00.9     16.1    16:09      N 
15    58.8   069.6   13:43    49.3   00:00     06.1     00.0   00.00   00.4     08.1    17:07     ESE
16    60.4   077.9   14:59    42.6   06:58     04.5     00.0   00.00   00.7     08.1    17:15      S 
17    64.6   083.8   15:06    44.8   07:07     00.4     00.0   00.00   00.6     08.1    13:01      S 
18    67.7   086.2   14:29    51.7   06:24     00.0     02.7   00.00   00.8     14.9    15:44      SW
19    64.8   080.2   12:04    53.2   06:52     00.1     00.0   00.00   00.9     17.3    12:45     WSW
20    64.2   081.3   15:23    45.9   06:55     00.7     00.0   00.00   00.6     10.3    18:34      S 
21    65.6   082.4   14:51    50.0   07:15     00.0     00.7   00.00   00.8     09.2    13:47     WSW
22    66.1   079.7   15:11    55.8   07:14     00.0     01.2   00.00   00.7     09.2    21:41     SSW
23    60.9   076.6   14:57    47.3   06:50     04.0     00.0   00.00   01.0     11.5    08:56     SSE
--------------------------------------------------------------------------------------------------------
66.2 (66.8)   96.4  day 01     42.6  day 16   039.6    069.0   00.81   00.9     20.7   day 04      SW
Max >=  86: 8
Min <=  86: 23
Max Rain: 0.34 ON 14-09-23
Days of Rain: 5 (> .008in) 3 (> .08in) 0 (> 0.8in)