^^
 NOAA style reports

NOAA-style Climate Reports

Select a Year or Month report
V/Λ2024 > Jan Feb Mar Apr May Jun Jul Aug Sep Oct Nov Dec
V/Λ2023 > Jan Feb Mar Apr May Jun Jul Aug Sep Oct Nov Dec
V/Λ2022 > Jan Feb Mar Apr May Jun Jul Aug Sep Oct Nov Dec
V/Λ2021 > Jan Feb Mar Apr May Jun Jul Aug Sep Oct Nov Dec

Report for 2024 06

Daily noaa report



                            MONTHLY CLIMATOLOGICAL SUMMARY for JUN. 2024

NAME: 5-Scotts.com   CITY: Loveland STATE: CO
ELEV: 4963.14 LAT: 040:25:7.386 LONG: 0105:00:54.983

                            TEMPERATURE ( F), RAIN (in.), WIND SPEED (mph)

                                               HEAT     COOL           AVG
      MEAN                                     DEG      DEG            WIND                       DOM
DAY   TEMP    HIGH   TIME     LOW    TIME      DAYS     DAYS    RAIN   SPEED    HIGH    TIME      DIR
--------------------------------------------------------------------------------------------------------
01    48.0   082.9   15:17   -00.0   00:00     17.0     00.0   00.00   01.1     12.7    14:40      W 
02    59.7   086.2   13:11   -00.0   00:00     05.3     00.0   00.00   01.4     12.7    00:26     WNW
03    63.0   087.4   15:02   -00.0   08:40     02.0     00.0   00.00   00.8     09.2    12:41     WSW
04    66.6   085.8   15:04   -00.0   00:00     00.0     01.6   00.00   01.5     12.7    15:04      W 
05    71.7   092.5   15:38   -00.0   13:34     00.0     06.7   00.00   01.6     12.7    15:15     WSW
06    72.9   089.2   15:24    55.0   05:32     00.0     08.0   00.00   01.4     09.2    15:25      SW
07    76.6   095.0   13:31    55.8   05:55     00.0     11.7   00.00   01.5     23.0    20:05      W 
08    68.1   082.4   13:03    60.1   00:00     00.0     03.2   00.08   01.1     13.8    16:46      SW
09    62.9   072.1   17:11    53.6   05:18     02.0     00.0   00.00   01.0     11.5    22:45      NE
10    70.6   084.9   17:03    59.4   03:22     00.0     05.6   00.03   01.2     11.5    15:46     WSW
11    72.7   087.1   17:54    56.8   06:01     00.0     07.7   00.00   01.4     10.3    17:36     SSW
12    78.9   100.0   15:44    58.8   04:50     00.0     14.0   00.00   01.9     18.4    17:24     WSW
13    77.6   094.1   14:50    60.6   06:05     00.0     12.6   00.18   01.5     18.4    18:01     SSE
14    69.9   082.8   16:56    61.2   06:29     00.0     04.9   00.04   01.0     10.3    21:40      NW
15    74.3   092.1   15:06    57.6   05:49     00.0     09.3   00.00   01.2     09.2    18:41     WSW
16    72.4   086.4   17:05    58.8   06:05     00.0     07.5   00.00   01.3     12.7    09:55     NNE
17    72.3   088.3   17:21    57.6   05:27     00.0     07.4   00.00   01.2     12.7    23:52      W 
--------------------------------------------------------------------------------------------------------
69.3 (64.2)   100.0  day 12    -00.0  day 05   026.2    100.3   00.33   01.3     23.0   day 13      W 
Max >=  86: 11
Min <=  86: 17
Min <=  23: 5
Min <=   5: 5
Max Rain: 0.18 ON 13-06-24
Days of Rain: 4 (> .008in) 1 (> .08in) 0 (> 0.8in)