^^
 NOAA style reports

NOAA-style Climate Reports

Select a Year or Month report
V/Λ2024 > Jan Feb Mar Apr May Jun Jul Aug Sep Oct Nov Dec
V/Λ2023 > Jan Feb Mar Apr May Jun Jul Aug Sep Oct Nov Dec
V/Λ2022 > Jan Feb Mar Apr May Jun Jul Aug Sep Oct Nov Dec
V/Λ2021 > Jan Feb Mar Apr May Jun Jul Aug Sep Oct Nov Dec

Report for 2024 02

Daily noaa report



                            MONTHLY CLIMATOLOGICAL SUMMARY for FEB. 2024

NAME: 5-Scotts.com   CITY: Loveland STATE: CO
ELEV: 4963.14 LAT: 040:25:7.386 LONG: 0105:00:54.983

                            TEMPERATURE ( F), RAIN (in.), WIND SPEED (mph)

                                               HEAT     COOL           AVG
      MEAN                                     DEG      DEG            WIND                       DOM
DAY   TEMP    HIGH   TIME     LOW    TIME      DAYS     DAYS    RAIN   SPEED    HIGH    TIME      DIR
--------------------------------------------------------------------------------------------------------
01    45.3   064.0   14:09    31.8   06:54     19.7     00.0   00.00   00.8     06.9    13:20      E 
02    39.8   050.5   14:47    31.1   05:45     25.2     00.0   00.02   01.5     09.2    22:49     ENE
03    36.4   040.3   00:19    32.0   23:53     28.5     00.0   00.28   02.0     10.3    10:50     ENE
04    31.8   037.9   11:03    26.2   00:00     33.2     00.0   00.00   01.0     06.9    12:09      E 
05    34.5   048.9   14:46    23.4   06:38     30.4     00.0   00.00   01.0     05.8    22:14      E 
06    38.6   052.3   15:29    29.3   06:56     26.3     00.0   00.00   00.7     05.8    12:54      E 
07    38.6   047.5   13:22    28.8   06:48     26.3     00.0   00.00   01.5     18.4    21:05     NNE
08    40.7   053.2   13:51    31.8   23:54     24.2     00.0   00.00   02.7     20.7    08:39      NW
09    35.2   046.2   14:42    28.6   05:58     29.8     00.0   00.00   01.8     11.5    22:03      E 
10    29.6   030.6   00:04    28.0   23:10     35.3     00.0   00.00   02.3     09.2    00:45      NE
11    29.4   036.1   16:40    21.0   06:52     35.5     00.0   00.00   01.0     10.3    14:35      SE
12    33.7   046.8   14:17    24.3   01:48     31.2     00.0   00.00   01.3     09.2    14:00      E 
13    36.1   046.0   14:40    27.3   04:32     28.8     00.0   00.00   01.8     10.3    10:48     ENE
14    35.2   047.5   14:17    25.5   07:04     29.7     00.0   00.00   02.1     11.5    13:31      E 
15    32.0   039.9   16:44    26.8   09:51     32.9     00.0   00.00   02.3     13.8    21:37      E 
16    23.6   028.9   00:06    17.1   23:52     41.3     00.0   00.00   03.5     13.8    15:57     ENE
17    24.8   035.4   14:39    11.7   06:47     40.2     00.0   00.00   01.2     10.3    14:15     SSE
18    33.0   045.3   14:41    18.3   06:47     32.0     00.0   00.00   01.0     06.9    14:47      E 
19    41.9   054.3   14:12    29.1   05:27     23.0     00.0   00.00   02.2     13.8    09:19     ESE
20    45.5   062.6   13:56    30.9   02:49     19.4     00.0   00.00   02.1     14.9    13:31      E 
21    38.5   040.3   00:04    37.0   23:03     26.5     00.0   00.00   01.3     04.6    23:19     NNW
22    38.6   046.0   13:29    31.5   23:43     26.4     00.0   00.04   01.5     10.3    14:36     ENE
23    40.3   055.8   12:58    27.3   06:34     24.6     00.0   00.00   01.4     11.5    14:07      S 
--------------------------------------------------------------------------------------------------------
35.8 (36.4)   64.0  day 01     11.7  day 17   670.5    000.0   00.34   01.6     20.7   day 08      E 
Max <=  32: 2
Min <=  86: 23
Min <=  23: 4
Max Rain: 0.28 ON 3-02-24
Days of Rain: 3 (> .008in) 1 (> .08in) 0 (> 0.8in)