^^
 NOAA style reports

NOAA-style Climate Reports

Select a Year or Month report
V/Λ2023 > Jan Feb Mar Apr May Jun Jul Aug Sep Oct Nov Dec
V/Λ2022 > Jan Feb Mar Apr May Jun Jul Aug Sep Oct Nov Dec
V/Λ2021 > Jan Feb Mar Apr May Jun Jul Aug Sep Oct Nov Dec

Report for 2022 Dec

Daily noaa report



                            MONTHLY CLIMATOLOGICAL SUMMARY for DEC. 2022

NAME: 5-Scotts.com   CITY: Loveland STATE: CO
ELEV: 4963.14 LAT: 040:25:7.386 LONG: 0105:00:54.983

                            TEMPERATURE ( F), RAIN (in.), WIND SPEED (mph)

                                               HEAT     COOL           AVG
      MEAN                                     DEG      DEG            WIND                       DOM
DAY   TEMP    HIGH   TIME     LOW    TIME      DAYS     DAYS    RAIN   SPEED    HIGH    TIME      DIR
--------------------------------------------------------------------------------------------------------
01    30.8   047.5   13:14    15.1   03:29     34.1     00.0   00.00   01.5     08.1    21:17     NNW
02    40.7   054.7   10:10    20.7   00:00     24.2     00.0   00.10   04.2     26.4    06:45      W 
03    26.4   041.5   14:24    13.6   06:56     38.6     00.0   00.00   01.3     08.1    14:28      NW
04    36.1   050.4   14:08    26.6   07:20     28.8     00.0   00.00   01.3     08.1    13:38     NNW
05    41.1   054.3   14:04    31.6   00:49     23.9     00.0   00.00   02.0     10.3    09:36      N 
06    37.8   051.3   12:56    25.7   07:40     27.1     00.0   00.00   02.0     12.7    14:27     WNW
07    33.5   046.4   13:39    20.8   07:33     31.5     00.0   00.00   01.3     06.9    13:11     NNW
08    34.1   050.0   12:28    22.1   00:00     30.9     00.0   00.00   01.8     12.7    13:58     WNW
09    33.1   051.3   14:27    15.3   06:41     31.9     00.0   00.00   02.3     18.4    15:59      W 
10    30.9   046.0   14:28    20.1   06:02     34.0     00.0   00.00   01.3     09.2    01:17     NNW
11    35.6   057.2   14:32    22.1   07:24     29.4     00.0   00.00   01.1     06.9    12:37     NNW
12    33.3   046.2   14:24    25.3   00:00     31.6     00.0   00.00   03.2     21.9    18:35      N 
13    27.1   032.2   19:53    24.1   08:25     37.8     00.0   00.00   03.5     25.3    07:52      N 
14    27.8   037.8   15:28    19.8   07:42     37.1     00.0   00.00   02.3     16.1    10:55      SW
15    23.9   033.1   11:21    18.0   07:37     41.1     00.0   00.00   02.2     16.1    15:05     WNW
16    27.0   028.9   00:00    21.0   05:06     37.9     00.0   00.00   03.0     12.7    00:49     SSW
17    26.2   036.5   14:08    12.6   00:00     38.7     00.0   00.00   02.6     10.3    15:07      S 
18    21.1   039.2   13:57    07.7   06:03     43.8     00.0   00.00   00.7     05.8    20:12      NW
19    26.9   050.9   14:05    12.2   04:36     38.1     00.0   00.00   01.6     12.7    15:18      NW
20    26.4   041.7   13:33    14.0   06:24     38.5     00.0   00.00   01.7     08.1    13:45      N 
21    20.0   048.9   12:37   -06.5   00:00     45.0     00.0   00.00   03.9     24.1    15:47      W 
22   -09.5   -001.8   14:19   -17.5   07:49     74.5     00.0   00.00   01.8     09.2    11:18      S 
23   -02.4   009.3   11:36   -15.0   00:22     67.3     00.0   00.00   00.8     06.9    15:23      N 
24    18.9   038.3   14:29    02.1   01:11     46.0     00.0   00.00   01.2     08.1    05:02     WNW
25    31.3   048.2   16:38    16.3   05:57     33.6     00.0   00.00   01.7     13.8    17:16      NW
26    34.4   044.2   14:34    26.8   00:00     30.5     00.0   00.00   02.1     11.5    11:54      SW
27    38.1   053.4   19:06    24.6   04:30     26.8     00.0   00.00   02.4     12.7    21:52     NNW
28    39.8   048.9   10:26    29.7   00:00     25.1     00.0   00.02   02.3     13.8    23:15      N 
29    26.3   037.0   14:53    12.9   23:42     38.6     00.0   00.00   01.9     12.7    13:32      NE
30    20.0   030.4   12:51    11.5   06:07     44.9     00.0   00.00   00.9     09.2    05:46     ENE
31    29.5   039.4   10:35    20.5   00:27     35.4     00.0   00.00   00.7     09.2    18:12      E 
--------------------------------------------------------------------------------------------------------
27.9 (28.8)   57.2  day 11    -17.5  day 22   1146.9    000.0   00.12   01.9     26.5   day 02      NW
Max <=  32: 4
Min <=  86: 31
Min <=   0: 3
Max <= 23: 2
Min <=  23: 23
Max <=  14: 2
Min <=  14: 11
Max <=   5: 1
Min <=   5: 4
Min <=   0: 3
Min <=  -4: 3
Min <= -13: 2
Max Rain: 0.10 ON 2-12-23
Days of Rain: 2 (> .008in) 1 (> .08in) 0 (> 0.8in)