^^
 NOAA style reports

NOAA-style Climate Reports

Select a Year or Month report
V/Λ2023 > Jan Feb Mar Apr May Jun Jul Aug Sep Oct Nov Dec
V/Λ2022 > Jan Feb Mar Apr May Jun Jul Aug Sep Oct Nov Dec
V/Λ2021 > Jan Feb Mar Apr May Jun Jul Aug Sep Oct Nov Dec

Report for 2023 Feb

Daily noaa report



                            MONTHLY CLIMATOLOGICAL SUMMARY for FEB. 2023

NAME: 5-Scotts.com   CITY: Loveland STATE: CO
ELEV: 4963.14 LAT: 040:25:7.386 LONG: 0105:00:54.983

                            TEMPERATURE ( F), RAIN (in.), WIND SPEED (mph)

                                               HEAT     COOL           AVG
      MEAN                                     DEG      DEG            WIND                       DOM
DAY   TEMP    HIGH   TIME     LOW    TIME      DAYS     DAYS    RAIN   SPEED    HIGH    TIME      DIR
--------------------------------------------------------------------------------------------------------
01    21.0   038.8   13:46    05.7   06:18     43.9     00.0   00.00   01.3     09.2    11:47     ENE
02    26.8   042.6   14:26    14.0   03:50     38.2     00.0   00.00   01.2     09.2    13:36      E 
03    32.3   049.5   12:21    16.3   05:56     32.6     00.0   00.00   01.2     06.9    18:00     ENE
04    41.6   052.9   13:49    30.2   04:54     23.4     00.0   00.00   02.0     16.1    18:49     ENE
05    32.8   041.8   14:19    25.7   23:05     32.1     00.0   00.00   01.7     09.2    00:00     ENE
06    37.1   043.0   11:31    28.9   00:00     27.8     00.0   00.00   02.3     13.8    15:47     ENE
07    31.8   045.1   14:17    20.7   07:07     33.2     00.0   00.00   01.3     09.2    15:01      E 
08    33.6   047.4   14:48    20.8   07:10     31.3     00.0   00.00   02.0     19.6    23:09     ENE
09    30.3   038.1   10:50    21.0   00:00     34.6     00.0   00.00   02.8     21.9    14:23      NE
10    27.7   041.9   14:30    14.9   07:06     37.2     00.0   00.00   01.2     09.2    14:41      E 
11    34.9   052.9   14:15    21.0   07:00     30.0     00.0   00.00   01.0     08.1    13:54      E 
12    36.1   047.4   12:03    27.9   23:47     28.8     00.0   00.00   01.6     11.5    15:06     SSE
13    36.3   053.2   14:40    21.2   07:07     28.6     00.0   00.00   01.3     08.1    17:50      E 
14    35.2   050.7   14:48    20.1   00:00     29.7     00.0   00.00   04.5     28.8    17:16      NE
15    15.8   020.5   00:34    13.6   08:41     49.2     00.0   00.00   05.1     20.7    12:37      NE
16    20.6   030.7   14:33    11.3   07:34     44.3     00.0   00.00   01.5     10.3    11:26      S 
17    29.7   048.3   14:11    13.1   06:44     35.3     00.0   00.00   01.1     06.9    17:07     ESE
18    38.2   049.8   16:42    28.0   06:29     26.7     00.0   00.00   02.8     26.4    21:39     NNW
19    42.6   049.5   12:03    34.0   21:52     22.3     00.0   00.00   04.0     28.8    00:55      NW
20    46.6   055.2   12:41    32.7   23:42     18.4     00.0   00.00   05.5     34.5    05:17      NW
21    39.9   053.2   14:07    24.2   00:00     25.1     00.0   00.02   02.7     21.9    23:38      E 
22    06.5   024.0   00:02   -04.9   23:23     58.4     00.0   00.00   05.1     18.4    00:07      NE
23    03.4   010.4   19:05   -06.2   06:49     61.5     00.0   00.00   01.8     09.2    11:57     ESE
24    17.2   040.6   14:40    01.2   06:58     47.8     00.0   00.00   02.0     21.9    14:08      NE
25    35.9   058.2   16:10    13.8   06:25     29.1     00.0   00.00   02.7     19.6    14:08      NW
26    40.3   052.7   15:52    26.8   04:44     24.7     00.0   00.00   01.6     13.8    19:02     ENE
27    43.7   052.5   12:50    34.5   23:32     21.2     00.0   00.00   04.6     35.6    03:45      NW
28    36.7   050.4   12:02    28.8   04:09     28.2     00.0   00.00   03.5     29.9    12:06      NW
--------------------------------------------------------------------------------------------------------
31.2 (31.8)   58.2  day 25    -06.2  day 23   943.6    000.0   00.10   02.5     35.7   day 20      NE
Max <=  32: 4
Min <=  86: 28
Min <=   0: 2
Max <= 23: 2
Min <=  23: 17
Max <=  14: 1
Min <=   5: 3
Min <=   0: 2
Min <=  -4: 2
Max Rain: 0.02 ON 21-02-23
Days of Rain: 1 (> .008in) 0 (> .08in) 0 (> 0.8in)