^^
 NOAA style reports

NOAA-style Climate Reports

Select a Year or Month report
V/Λ2023 > Jan Feb Mar Apr May Jun Jul Aug Sep Oct Nov Dec
V/Λ2022 > Jan Feb Mar Apr May Jun Jul Aug Sep Oct Nov Dec
V/Λ2021 > Jan Feb Mar Apr May Jun Jul Aug Sep Oct Nov Dec

Report for 2023 Apr

Daily noaa report



                            MONTHLY CLIMATOLOGICAL SUMMARY for APR. 2023

NAME: 5-Scotts.com   CITY: Loveland STATE: CO
ELEV: 4963.14 LAT: 040:25:7.386 LONG: 0105:00:54.983

                            TEMPERATURE ( F), RAIN (in.), WIND SPEED (mph)

                                               HEAT     COOL           AVG
      MEAN                                     DEG      DEG            WIND                       DOM
DAY   TEMP    HIGH   TIME     LOW    TIME      DAYS     DAYS    RAIN   SPEED    HIGH    TIME      DIR
--------------------------------------------------------------------------------------------------------
01    49.4   065.3   15:33    32.4   06:56     15.6     00.0   00.00   04.1     28.8    03:43     NNW
02    57.3   067.6   13:21    40.8   00:00     07.6     00.0   00.00   04.3     25.3    03:07      NW
03    41.9   054.1   18:00    35.1   23:34     23.1     00.0   00.00   03.6     26.4    20:05     ENE
04    27.4   035.4   00:03    22.8   22:19     37.5     00.0   00.00   05.1     20.7    00:29      NE
05    29.2   040.1   17:06    18.5   06:59     35.7     00.0   00.00   02.2     10.3    13:02      SE
06    38.0   050.9   15:45    24.4   06:34     26.9     00.0   00.00   01.8     17.3    12:26     ESE
07    47.1   065.7   15:54    27.9   06:14     17.8     00.0   00.00   01.8     13.8    18:10     ESE
08    51.3   066.9   14:39    36.1   06:36     13.7     00.0   00.00   01.3     18.4    14:52     ENE
09    52.7   068.7   15:59    36.5   06:35     12.3     00.0   00.00   01.7     12.7    13:17      E 
10    57.0   075.6   16:14    37.4   06:20     08.0     00.0   00.00   01.7     12.7    13:16      S 
11    62.0   085.3   15:52    39.6   06:39     02.9     00.0   00.00   01.4     14.9    17:24      N 
12    63.9   082.6   12:39    41.2   06:18     01.1     00.0   00.00   01.8     23.0    14:31      NW
13    63.0   078.1   16:04    51.4   07:42     01.9     00.0   00.00   01.7     20.7    23:44      NW
14    39.3   054.5   00:04    33.3   17:22     25.6     00.0   00.03   03.9     23.0    02:09     ENE
15    41.2   054.3   15:28    31.1   07:43     23.8     00.0   00.00   01.9     20.7    13:49      NE
16    46.5   062.1   16:09    30.9   06:35     18.5     00.0   00.00   01.7     14.9    13:29     SSE
17    56.0   075.2   16:02    36.0   06:31     08.9     00.0   00.00   02.2     18.4    16:18      SW
18    58.2   077.5   15:58    41.0   05:07     06.8     00.0   00.00   03.5     31.1    15:32     WNW
19    45.2   055.9   11:36    35.2   23:38     19.8     00.0   00.01   04.1     18.4    19:57     SSE
20    41.4   050.4   13:45    33.4   04:50     23.6     00.0   00.00   02.9     18.4    12:00      N 
21    39.3   048.0   13:15    32.0   05:41     25.6     00.0   00.01   03.0     19.6    19:54     ENE
22    32.4   039.6   16:46    25.0   07:29     32.6     00.0   00.00   02.5     10.3    11:27      E 
23    43.4   057.2   16:15    28.2   06:11     21.6     00.0   00.00   01.7     12.7    13:43      SE
24    51.8   066.0   15:42    35.6   06:33     13.1     00.0   00.00   01.9     13.8    13:57      E 
25    46.2   055.9   13:03    39.9   22:46     18.7     00.0   00.00   04.1     21.9    13:48     ENE
26    47.7   058.1   14:46    40.1   06:05     17.2     00.0   00.00   02.4     13.8    15:20     SSE
27    51.3   070.7   15:24    40.3   05:29     13.7     00.0   00.00   03.3     38.0    18:10     NNE
28    48.7   060.8   16:54    37.6   06:57     16.2     00.0   00.00   03.5     24.1    14:41      NE
29    58.7   074.3   14:14    39.7   06:33     06.3     00.0   00.00   02.2     21.9    11:53     ENE
--------------------------------------------------------------------------------------------------------
47.8 (48.3)   85.3  day 11     18.5  day 05   495.9    000.0   00.13   02.7     38.0   day 27     ENE
Min <=  86: 29
Min <=  23: 2
Max Rain: 0.03 ON 14-04-23
Days of Rain: 2 (> .008in) 0 (> .08in) 0 (> 0.8in)