^^
 NOAA style reports

NOAA-style Climate Reports

Select a Year or Month report
V/Λ2023 > Jan Feb Mar Apr May Jun Jul Aug Sep Oct Nov Dec
V/Λ2022 > Jan Feb Mar Apr May Jun Jul Aug Sep Oct Nov Dec
V/Λ2021 > Jan Feb Mar Apr May Jun Jul Aug Sep Oct Nov Dec

Report for 2023 May

Daily noaa report



                            MONTHLY CLIMATOLOGICAL SUMMARY for MAY. 2023

NAME: 5-Scotts.com   CITY: Loveland STATE: CO
ELEV: 4963.14 LAT: 040:25:7.386 LONG: 0105:00:54.983

                            TEMPERATURE ( F), RAIN (in.), WIND SPEED (mph)

                                               HEAT     COOL           AVG
      MEAN                                     DEG      DEG            WIND                       DOM
DAY   TEMP    HIGH   TIME     LOW    TIME      DAYS     DAYS    RAIN   SPEED    HIGH    TIME      DIR
--------------------------------------------------------------------------------------------------------
01    55.5   071.2   16:22    38.8   06:13     09.5     00.0   00.00   02.4     11.5    22:40     ENE
02    56.5   071.6   15:13    43.2   06:21     08.4     00.0   00.00   02.6     14.9    13:58      NE
03    63.4   083.5   15:34    43.9   06:14     01.6     00.0   00.00   01.6     12.7    11:17     SSW
04    59.3   075.4   16:38    49.3   06:47     05.7     00.0   00.00   02.4     19.6    17:52      NE
05    58.0   073.4   15:02    45.9   23:45     06.9     00.0   00.00   01.9     28.8    17:22     NNE
06    56.9   073.8   16:37    39.9   05:30     08.1     00.0   00.00   02.0     20.7    10:05      NW
07    55.7   067.5   13:44    43.0   05:33     09.3     00.0   00.02   01.4     10.3    14:00     ENE
08    60.2   077.0   15:48    46.4   06:25     04.7     00.0   00.00   02.2     21.9    19:24      S 
09    61.5   077.5   15:37    45.5   05:30     03.5     00.0   00.07   02.2     18.4    19:34      E 
10    54.2   062.2   15:16    49.6   23:57     10.7     00.0   00.24   01.4     12.7    00:44      NW
11    50.4   053.4   14:10    47.8   05:01     14.5     00.0   01.19   01.8     13.8    23:33     NNE
12    54.4   065.8   14:14    48.0   07:46     10.5     00.0   00.14   02.7     20.7    13:59     NNE
13    55.7   063.9   13:08    47.8   05:43     09.2     00.0   00.14   02.3     13.8    11:13      NE
14    52.2   060.4   15:24    49.1   00:00     12.8     00.0   00.21   01.7     10.3    19:29      NE
15    52.7   059.0   14:36    48.0   05:44     12.2     00.0   00.21   01.0     08.1    14:39     ESE
16    60.9   080.2   16:26    43.5   05:52     04.1     00.0   00.21   01.2     16.1    12:39      S 
17    63.8   081.1   14:34    45.9   06:04     01.1     00.0   00.21   01.3     10.3    19:59     ESE
18    55.6   066.7   13:16    48.9   05:46     09.4     00.0   00.21   01.2     14.9    16:38     ENE
19    53.3   061.5   14:04    47.8   09:21     11.7     00.0   00.02   01.1     11.5    09:05      SE
20    61.6   070.7   15:25    47.7   06:14     03.4     00.0   00.00   00.5     09.2    12:33     SSE
21    68.3   070.7   19:31    55.9   23:52     00.0     03.3   00.00   00.1     04.6    19:24      SW
22    62.1   076.8   15:58    47.3   06:23     02.8     00.0   00.00   00.9     10.3    13:34      S 
23    64.0   079.2   14:09    50.0   06:30     00.9     00.0   00.00   01.2     10.3    15:41      SE
24    61.6   075.0   14:31    53.8   04:56     03.3     00.0   00.00   01.1     09.2    15:21     ENE
25    61.9   076.8   16:29    49.3   06:07     03.1     00.0   00.21   01.5     14.9    18:07     SSE
26    59.9   071.4   12:48    52.5   05:30     05.0     00.0   00.09   01.5     18.4    15:11      S 
27    63.9   074.1   13:28    48.2   05:24     01.1     00.0   00.00   01.1     10.3    13:11     SSE
28    70.5   077.2   15:33    57.2   00:00     00.0     05.5   00.00   01.5     12.7    16:40      S 
29    65.2   083.3   15:42    50.0   06:30     00.0     00.2   00.00   01.1     12.7    18:15     SSW
30    65.9   081.9   14:35    50.9   05:55     00.0     01.0   00.00   01.7     19.6    16:54      SE
--------------------------------------------------------------------------------------------------------
59.5 (60.0)   83.5  day 03     38.8  day 01   173.5    010.1   03.79   01.6     28.8   day 05     ESE
Min <=  86: 30
Max Rain: 1.19 ON 11-05-23
Days of Rain: 14 (> .008in) 11 (> .08in) 1 (> 0.8in)