^^
 NOAA style reports

NOAA-style Climate Reports

Select a Year or Month report
V/Λ2023 > Jan Feb Mar Apr May Jun Jul Aug Sep Oct Nov Dec
V/Λ2022 > Jan Feb Mar Apr May Jun Jul Aug Sep Oct Nov Dec
V/Λ2021 > Jan Feb Mar Apr May Jun Jul Aug Sep Oct Nov Dec

Report for 2023 Jun

Daily noaa report



                            MONTHLY CLIMATOLOGICAL SUMMARY for JUN. 2023

NAME: 5-Scotts.com   CITY: Loveland STATE: CO
ELEV: 4963.14 LAT: 040:25:7.386 LONG: 0105:00:54.983

                            TEMPERATURE ( F), RAIN (in.), WIND SPEED (mph)

                                               HEAT     COOL           AVG
      MEAN                                     DEG      DEG            WIND                       DOM
DAY   TEMP    HIGH   TIME     LOW    TIME      DAYS     DAYS    RAIN   SPEED    HIGH    TIME      DIR
--------------------------------------------------------------------------------------------------------
01    60.4   075.0   15:23    50.7   05:20     04.6     00.0   00.00   01.2     13.8    18:36     WSW
02    61.4   073.6   17:25    52.9   04:23     03.6     00.0   00.13   01.1     11.5    22:32      NW
03    57.6   066.7   16:57    53.6   05:34     07.3     00.0   00.12   00.5     05.8    00:11     ESE
04    55.7   059.5   18:32    52.3   05:25     09.3     00.0   02.19   00.6     08.1    13:06     WNW
05    59.4   073.0   16:43    52.2   05:38     05.5     00.0   02.19   01.3     16.1    17:33     SSW
06    63.6   077.9   15:54    49.5   05:20     01.3     00.0   00.00   00.9     10.3    15:56     WSW
07    64.9   080.8   14:47    53.4   05:46     00.1     00.0   00.00   01.2     14.9    16:36     WSW
08    67.7   083.1   15:24    54.1   04:17     00.0     02.8   00.00   01.1     10.3    13:41     WSW
09    66.7   081.3   15:00    58.1   23:57     00.0     01.8   00.00   01.5     13.8    16:32      W 
10    63.5   079.7   14:12    50.5   05:49     01.5     00.0   00.00   01.0     21.9    15:11      W 
11    58.4   067.3   15:21    52.2   04:45     06.6     00.0   01.18   01.2     12.7    19:35     SSE
12    57.0   065.5   16:12    51.6   23:14     07.9     00.0   01.18   01.2     10.3    12:35     SSE
13    57.2   071.4   17:27    51.4   03:04     07.7     00.0   00.32   00.8     10.3    14:46      NW
14    63.8   078.6   16:02    47.5   05:33     01.2     00.0   00.32   01.4     11.5    14:31     SSW
15    64.3   080.6   14:26    55.8   04:09     00.7     00.0   00.27   01.1     12.7    17:02      W 
16    55.9   065.8   12:13    52.0   04:35     09.0     00.0   00.73   00.7     11.5    13:02      E 
17    59.6   075.9   15:49    47.5   06:04     05.4     00.0   00.73   01.0     10.3    17:07     SSW
18    67.8   085.5   15:59    48.7   05:46     00.0     02.9   00.00   01.5     12.7    14:11     SSW
19    72.9   089.6   15:21    54.1   05:29     00.0     07.9   00.00   01.3     12.7    15:28      SW
20    69.5   084.2   16:19    55.2   05:45     00.0     04.6   00.00   00.7     09.2    15:42      SW
21    68.1   084.6   15:44    57.2   06:16     00.0     03.2   00.00   01.3     18.4    19:27      W 
22    66.9   078.6   11:57    56.5   05:50     00.0     01.9   00.00   01.9     18.4    14:09      S 
23    70.3   083.1   18:06    60.3   05:46     00.0     05.4   00.00   01.0     16.1    15:20     WNW
24    71.1   087.3   16:39    52.9   06:05     00.0     06.2   00.00   01.9     24.1    21:21      W 
25    66.4   079.9   15:53    50.4   05:44     00.0     01.4   00.00   01.4     10.3    19:21     SSW
26    71.7   085.3   15:02    55.2   05:57     00.0     06.8   00.00   01.2     10.3    13:35     WSW
27    76.7   095.2   15:36    61.0   05:38     00.0     11.8   00.00   02.1     20.7    17:59      W 
28    73.7   086.5   16:58    62.2   04:52     00.0     08.7   00.00   01.6     11.5    16:27     WSW
29    69.8   084.0   16:21    55.9   23:46     00.0     04.9   00.00   01.9     12.7    23:14      NW
--------------------------------------------------------------------------------------------------------
64.9 (66.1)   95.2  day 27     47.5  day 17   071.5    070.2   05.90   01.2     24.2   day 10      SW
Max >=  86: 4
Min <=  86: 29
Max Rain: 2.19 ON 4-06-23
Days of Rain: 11 (> .008in) 11 (> .08in) 4 (> 0.8in)