^^
 NOAA style reports

NOAA-style Climate Reports

Select a Year or Month report
V/Λ2023 > Jan Feb Mar Apr May Jun Jul Aug Sep Oct Nov Dec
V/Λ2022 > Jan Feb Mar Apr May Jun Jul Aug Sep Oct Nov Dec
V/Λ2021 > Jan Feb Mar Apr May Jun Jul Aug Sep Oct Nov Dec

Report for 2023 Jul

Daily noaa report



                            MONTHLY CLIMATOLOGICAL SUMMARY for JUL. 2023

NAME: 5-Scotts.com   CITY: Loveland STATE: CO
ELEV: 4963.14 LAT: 040:25:7.386 LONG: 0105:00:54.983

                            TEMPERATURE ( F), RAIN (in.), WIND SPEED (mph)

                                               HEAT     COOL           AVG
      MEAN                                     DEG      DEG            WIND                       DOM
DAY   TEMP    HIGH   TIME     LOW    TIME      DAYS     DAYS    RAIN   SPEED    HIGH    TIME      DIR
--------------------------------------------------------------------------------------------------------
01    67.5   086.4   14:58    49.6   05:45     00.0     02.5   00.00   01.4     13.8    17:49      W 
02    73.8   090.5   14:36    55.9   06:08     00.0     08.9   00.00   00.9     08.1    12:32     WSW
03    74.3   092.8   15:35    55.2   05:54     00.0     09.4   00.00   01.2     10.3    18:01      SW
04    67.6   086.4   14:06    55.2   21:56     00.0     02.7   00.00   01.5     13.8    20:02     WNW
05    56.4   063.0   12:54    53.1   03:38     08.5     00.0   00.43   01.0     11.5    22:16     NNE
06    63.2   074.1   14:49    54.7   02:24     01.8     00.0   00.10   00.9     08.1    00:04      W 
07    64.7   077.4   13:22    55.0   06:10     00.3     00.0   00.10   01.1     11.5    12:54     WNW
08    64.5   075.9   18:05    55.8   06:01     00.5     00.0   00.10   01.2     21.9    19:25     SSW
09    67.8   082.2   14:39    55.0   05:56     00.0     02.9   00.00   00.8     10.3    11:44      SW
10    75.0   095.9   15:45    57.2   06:01     00.0     10.1   00.00   00.9     11.5    14:44     WSW
11    77.5   094.8   15:24    58.5   05:53     00.0     12.6   00.00   01.1     09.2    12:16      SW
12    77.8   093.0   14:46    60.6   06:23     00.0     12.9   00.00   01.4     12.7    23:22      SW
13    77.9   092.8   15:20    61.3   06:08     00.0     13.0   00.00   01.4     18.4    00:35      SW
14    71.0   082.6   16:09    59.7   05:34     00.0     06.0   00.00   01.6     18.4    08:59     WNW
15    76.3   087.1   15:00    64.4   00:00     00.0     11.4   00.00   01.2     05.8    12:51      W 
16    74.0   087.3   15:45    55.9   06:34     00.0     09.1   00.00   01.3     06.9    08:06      SW
17    78.7   097.5   15:52    59.9   05:53     00.0     13.7   00.00   01.3     11.5    17:20     WSW
18    79.0   096.1   13:44    62.8   04:36     00.0     14.0   00.00   01.2     14.9    16:13      W 
19    75.5   085.3   14:53    66.2   05:19     00.0     10.6   00.00   00.9     08.1    11:53      W 
20    67.2   079.2   12:37    57.0   23:41     00.0     02.3   00.37   01.2     13.8    19:10     WNW
21    66.9   084.0   15:25    53.8   03:54     00.0     02.0   00.00   01.2     10.3    19:06      SW
22    73.7   090.3   15:42    55.2   05:29     00.0     08.8   00.00   00.9     08.1    13:54      SW
23    76.5   099.9   14:08    57.4   05:59     00.0     11.6   00.00   01.0     14.9    16:47     WSW
24    79.1   097.7   15:25    61.0   06:33     00.0     14.2   00.00   01.1     12.7    18:07     WSW
25    78.8   097.7   14:01    61.7   06:06     00.0     13.9   00.00   01.0     16.1    18:00     WSW
26    77.3   094.8   12:45    64.8   05:18     00.0     12.3   00.00   01.0     10.3    13:27     WSW
27    76.4   094.5   13:27    59.0   06:33     00.0     11.4   00.00   01.2     10.3    19:37      SW
28    73.7   090.3   11:41    62.2   04:20     00.0     08.8   00.00   01.3     13.8    17:33      SW
29    71.9   084.9   17:14    57.2   06:31     00.0     06.9   00.00   00.9     09.2    16:25      W 
30    78.3   095.0   15:42    63.3   06:18     00.0     13.3   00.00   00.9     06.9    19:17     WNW
--------------------------------------------------------------------------------------------------------
72.7 (73.3)   99.9  day 23     49.6  day 01   011.0    245.2   01.91   01.1     21.9   day 13     WSW
Max >=  86: 20
Min <=  86: 30
Max Rain: 0.43 ON 5-07-23
Days of Rain: 5 (> .008in) 5 (> .08in) 0 (> 0.8in)