^^
 NOAA style reports

NOAA-style Climate Reports

Select a Year or Month report
V/Λ2023 > Jan Feb Mar Apr May Jun Jul Aug Sep Oct Nov Dec
V/Λ2022 > Jan Feb Mar Apr May Jun Jul Aug Sep Oct Nov Dec
V/Λ2021 > Jan Feb Mar Apr May Jun Jul Aug Sep Oct Nov Dec

Report for 2023 Aug

Daily noaa report



                            MONTHLY CLIMATOLOGICAL SUMMARY for AUG. 2023

NAME: 5-Scotts.com   CITY: Loveland STATE: CO
ELEV: 4963.14 LAT: 040:25:7.386 LONG: 0105:00:54.983

                            TEMPERATURE ( F), RAIN (in.), WIND SPEED (mph)

                                               HEAT     COOL           AVG
      MEAN                                     DEG      DEG            WIND                       DOM
DAY   TEMP    HIGH   TIME     LOW    TIME      DAYS     DAYS    RAIN   SPEED    HIGH    TIME      DIR
--------------------------------------------------------------------------------------------------------
01    71.1   087.1   14:27    63.5   03:36     00.0     06.1   00.00   01.2     20.7    17:49     WSW
02    72.3   090.3   15:14    61.2   05:12     00.0     07.3   00.00   01.1     12.7    16:13      W 
03    69.7   084.4   16:40    58.5   06:52     00.0     04.8   00.00   01.3     13.8    17:46     WSW
04    73.3   091.8   17:21    58.3   06:03     00.0     08.4   00.00   01.5     21.9    14:25      W 
05    67.8   084.4   15:24    57.7   06:19     00.0     02.9   00.00   00.9     18.4    19:45      W 
06    62.5   073.9   13:00    56.3   23:50     02.4     00.0   00.02   01.2     12.7    19:36     WSW
07    63.8   077.0   15:15    52.3   06:20     01.1     00.0   00.00   01.0     12.7    16:38     WSW
08    66.7   084.6   15:26    53.1   06:16     00.0     01.7   00.00   00.9     09.2    17:58     WSW
09    70.1   086.2   16:12    55.0   06:15     00.0     05.2   00.00   01.1     11.5    17:06      SW
10    72.2   089.1   13:19    56.8   04:24     00.0     07.3   00.06   01.3     16.1    17:54      SW
11    76.2   093.0   14:20    59.0   06:13     00.0     11.3   00.06   01.3     11.5    16:07      SW
12    73.1   082.9   15:00    62.8   06:36     00.0     08.1   00.06   01.0     16.1    16:05      W 
13    65.7   069.8   17:36    61.2   03:10     00.0     00.7   00.00   01.4     18.4    07:22     NNW
14    65.3   079.5   15:58    48.2   06:27     00.0     00.4   00.00   01.0     10.3    13:26      SW
15    71.0   090.7   15:57    50.0   06:36     00.0     06.0   00.00   01.0     08.1    14:03      SW
16    78.9   099.7   14:33    56.8   05:55     00.0     14.0   00.00   01.1     11.5    13:37      W 
17    76.1   091.0   16:19    60.8   06:41     00.0     11.2   00.00   01.5     12.7    12:43      SW
18    77.6   097.3   14:05    62.1   06:28     00.0     12.7   00.00   01.0     11.5    17:40     WSW
19    76.2   093.4   14:06    61.9   04:54     00.0     11.3   00.00   01.0     16.1    15:33     WSW
20    73.9   088.9   16:16    63.1   06:56     00.0     09.0   00.00   01.0     08.1    15:16     WSW
21    77.6   098.2   15:35    58.8   06:31     00.0     12.6   00.00   00.9     13.8    18:03      SW
22    77.9   095.0   14:29    61.0   05:25     00.0     13.0   00.00   01.0     10.3    17:03      SW
23    77.7   092.7   16:06    60.1   06:41     00.0     12.7   00.00   01.3     10.3    16:11     WSW
24    79.1   093.0   15:17    67.6   06:17     00.0     14.2   00.00   01.3     13.8    17:21      W 
25    63.5   072.5   00:03    57.0   15:14     01.4     00.0   00.40   01.2     09.2    02:05     WNW
26    65.3   077.2   15:35    57.4   06:30     00.0     00.4   00.00   01.0     08.1    12:07      SW
27    67.6   083.7   13:20    55.0   06:32     00.0     02.7   00.26   01.0     12.7    15:24      SW
28    66.5   081.7   15:29    56.5   06:21     00.0     01.6   00.00   01.1     09.2    18:52      W 
29    67.1   081.9   15:17    52.0   06:41     00.0     02.2   00.00   01.0     08.1    14:43     SSW
30    72.6   093.4   16:00    52.3   06:49     00.0     07.7   00.00   01.1     08.1    16:25     WNW
--------------------------------------------------------------------------------------------------------
71.3 (72.3)   99.7  day 16     48.2  day 14   004.9    195.4   02.10   01.1     21.9   day 05     WSW
Max >=  86: 17
Min <=  86: 30
Max Rain: 0.40 ON 25-08-23
Days of Rain: 6 (> .008in) 2 (> .08in) 0 (> 0.8in)