^^
 NOAA style reports

NOAA-style Climate Reports

Select a Year or Month report
V/Λ2024 > Jan Feb Mar Apr May Jun Jul Aug Sep Oct Nov Dec
V/Λ2023 > Jan Feb Mar Apr May Jun Jul Aug Sep Oct Nov Dec
V/Λ2022 > Jan Feb Mar Apr May Jun Jul Aug Sep Oct Nov Dec
V/Λ2021 > Jan Feb Mar Apr May Jun Jul Aug Sep Oct Nov Dec

Report for 2023 Dec

Daily noaa report



                            MONTHLY CLIMATOLOGICAL SUMMARY for DEC. 2023

NAME: 5-Scotts.com   CITY: Loveland STATE: CO
ELEV: 4963.14 LAT: 040:25:7.386 LONG: 0105:00:54.983

                            TEMPERATURE ( F), RAIN (in.), WIND SPEED (mph)

                                               HEAT     COOL           AVG
      MEAN                                     DEG      DEG            WIND                       DOM
DAY   TEMP    HIGH   TIME     LOW    TIME      DAYS     DAYS    RAIN   SPEED    HIGH    TIME      DIR
--------------------------------------------------------------------------------------------------------
01    28.9   036.0   15:46    24.1   23:57     36.0     00.0   00.00   00.8     05.8    13:51      E 
02    33.0   043.9   10:21    21.9   04:07     32.0     00.0   00.00   01.8     18.4    12:16     NNE
03    37.7   045.5   12:44    30.6   00:00     27.2     00.0   00.00   02.6     19.6    06:11     NNW
04    39.1   060.8   13:51    26.6   04:07     25.8     00.0   00.00   01.4     10.3    12:59      E 
05    39.0   057.0   14:17    27.5   07:24     26.0     00.0   00.00   00.7     05.8    12:19      E 
06    42.4   065.7   14:06    30.6   06:42     22.5     00.0   00.00   00.4     03.5    15:25      E 
07    45.6   061.2   13:17    31.3   03:22     19.3     00.0   00.00   03.4     29.9    10:51     NNW
08    36.5   044.1   01:34    32.0   00:00     28.5     00.0   00.00   02.0     14.9    14:06      NE
09    32.5   042.7   13:08    22.3   00:00     32.4     00.0   00.00   01.5     12.7    12:55      NE
10    34.0   047.7   14:27    20.8   01:57     31.0     00.0   00.00   01.8     10.3    13:38      E 
11    40.3   051.6   12:59    29.7   07:30     24.7     00.0   00.02   01.2     11.5    11:08     ENE
12    32.5   037.2   01:05    28.9   09:05     32.4     00.0   00.01   01.8     08.1    07:52      E 
13    33.5   038.1   14:33    28.9   05:36     31.4     00.0   00.00   01.1     05.8    20:45     ESE
14    33.0   037.8   15:20    26.8   23:39     31.9     00.0   00.00   01.1     05.8    23:40     ENE
15    37.1   054.6   13:14    25.5   07:20     27.8     00.0   00.00   01.2     18.4    14:54     ENE
16    38.5   058.8   14:11    25.3   07:26     26.4     00.0   00.00   00.9     08.1    14:26      E 
17    42.5   065.6   13:16    30.7   00:00     22.4     00.0   00.00   01.2     17.3    14:21     ENE
18    36.3   050.4   13:13    25.9   07:03     28.6     00.0   00.00   00.7     06.9    12:11      E 
19    45.0   062.1   13:53    32.4   04:19     20.0     00.0   00.00   01.0     08.1    16:27      E 
20    43.7   058.8   13:52    36.1   23:11     21.2     00.0   00.00   00.8     08.1    11:39      E 
21    44.8   061.2   14:12    34.7   00:00     20.2     00.0   00.00   00.8     09.2    12:23     SSE
22    34.7   035.2   23:15    34.0   23:02     30.3     00.0   00.00   00.3     03.5    00:08      E 
23    41.5   053.4   13:30    33.3   01:09     23.4     00.0   00.08   01.7     19.6    23:41     ENE
24    29.6   034.5   00:09    24.1   21:30     35.3     00.0   00.00   04.2     24.1    04:15      NE
25    27.6   033.8   12:29    18.9   04:59     37.4     00.0   00.00   01.6     16.1    23:41     NNE
26    37.8   042.1   13:28    31.3   02:02     27.2     00.0   00.00   03.6     21.9    17:28     NNW
27    40.1   051.6   11:34    26.8   00:00     24.8     00.0   00.00   02.6     16.1    15:46      NE
28    33.5   050.7   14:18    22.3   05:07     31.4     00.0   00.00   00.8     06.9    14:01     ESE
29    36.5   057.0   14:28    23.2   03:54     28.5     00.0   00.00   01.1     13.8    12:42      SE
30    38.4   057.9   14:23    25.9   07:23     26.5     00.0   00.00   00.6     08.1    14:29      E 
31    31.4   038.1   13:42    25.3   23:35     33.6     00.0   00.00   00.7     05.8    10:26     ENE
--------------------------------------------------------------------------------------------------------
37.0 (38.6)   65.7  day 06     18.9  day 25   866.1    000.0   00.11   01.5     29.9   day 07     ENE
Min <=  86: 31
Min <=  23: 5
Max Rain: 0.08 ON 23-12-24
Days of Rain: 3 (> .008in) 1 (> .08in) 0 (> 0.8in)