^^
 NOAA style reports

NOAA-style Climate Reports

Select a Year or Month report
V/Λ2024 > Jan Feb Mar Apr May Jun Jul Aug Sep Oct Nov Dec
V/Λ2023 > Jan Feb Mar Apr May Jun Jul Aug Sep Oct Nov Dec
V/Λ2022 > Jan Feb Mar Apr May Jun Jul Aug Sep Oct Nov Dec
V/Λ2021 > Jan Feb Mar Apr May Jun Jul Aug Sep Oct Nov Dec

Report for 2024 Jan

Daily noaa report



                            MONTHLY CLIMATOLOGICAL SUMMARY for JAN. 2024

NAME: 5-Scotts.com   CITY: Loveland STATE: CO
ELEV: 4963.14 LAT: 040:25:7.386 LONG: 0105:00:54.983

                            TEMPERATURE ( F), RAIN (in.), WIND SPEED (mph)

                                               HEAT     COOL           AVG
      MEAN                                     DEG      DEG            WIND                       DOM
DAY   TEMP    HIGH   TIME     LOW    TIME      DAYS     DAYS    RAIN   SPEED    HIGH    TIME      DIR
--------------------------------------------------------------------------------------------------------
01    28.4   053.2   15:04   -00.0   23:37     36.5     00.0   00.00   00.2     06.9    17:30     NNE
02    34.2   048.2   14:33    24.3   07:07     30.7     00.0   00.00   00.7     06.9    14:26      E 
03    33.5   048.9   14:33    23.7   06:32     31.4     00.0   00.00   01.4     10.3    15:16      E 
04    27.1   031.5   15:34    24.8   09:39     37.8     00.0   00.00   01.7     09.2    11:56     ENE
05    33.2   045.1   13:00    23.5   02:14     31.7     00.0   00.00   01.4     12.7    16:31     ENE
06    32.4   042.4   13:51    24.6   07:57     32.5     00.0   00.00   01.4     11.5    00:01     ESE
07    30.2   039.7   14:10    23.4   05:42     34.8     00.0   00.00   01.9     12.7    23:37     ENE
08    26.5   033.1   14:25    18.3   23:57     38.5     00.0   00.00   04.0     26.4    03:22      NE
09    27.0   037.9   21:45    14.9   06:18     38.0     00.0   00.00   01.9     19.6    21:43      NE
10    33.8   041.4   13:47    27.9   22:12     31.2     00.0   00.00   04.0     26.4    11:44     NNW
11    20.5   029.1   09:06   -00.0   04:47     44.4     00.0   00.00   03.4     20.7    10:36     ENE
12    18.9   035.4   14:13    00.7   23:19     46.0     00.0   00.00   04.0     24.1    11:08      N 
13   -01.6   002.8   21:58   -08.5   08:02     66.6     00.0   00.00   02.7     11.5    03:05     ENE
14    04.3   014.2   14:14   -02.2   06:42     60.7     00.0   00.00   01.9     10.3    23:42      E 
15   -00.0   008.6   01:31   -06.3   23:20     65.0     00.0   00.00   03.0     16.1    07:00      NE
16    07.1   023.4   14:35   -09.9   01:39     57.8     00.0   00.00   01.5     06.9    13:34     ENE
17    25.0   041.9   14:35    10.9   05:15     40.0     00.0   00.00   01.7     09.2    22:04     ENE
18    24.1   046.0   10:23    12.7   21:31     40.9     00.0   00.00   03.6     21.9    10:57     ENE
19    24.1   031.5   13:51    14.0   01:04     40.8     00.0   00.00   01.5     08.1    12:38      E 
20    25.7   033.4   15:11    18.7   07:38     39.3     00.0   00.00   00.7     04.6    15:36      E 
21    33.7   046.0   13:52    24.3   05:34     31.3     00.0   00.00   00.7     06.9    06:25     ENE
22    38.5   051.3   14:22   -00.0   11:09     26.4     00.0   00.00   00.5     04.6    12:55      E 
23    38.1   051.8   14:35   -00.0   02:15     26.8     00.0   00.00   01.1     08.1    19:56      E 
24    38.3   049.6   14:13    29.5   06:02     26.6     00.0   00.00   00.4     04.6    13:06     ENE
25    37.4   048.7   13:57    25.7   07:28     27.5     00.0   00.00   00.8     08.1    12:20      E 
26    39.6   048.6   14:17    31.6   23:45     25.4     00.0   00.00   00.5     08.1    13:19     ENE
27    35.9   052.2   14:36    23.4   07:31     29.0     00.0   00.00   00.8     10.3    13:25     ESE
28    41.1   061.2   14:40    26.2   04:26     23.8     00.0   00.00   01.0     09.2    14:22     ESE
29    44.0   061.5   14:48    30.7   03:59     21.0     00.0   00.00   01.1     09.2    16:12      E 
30    42.8   061.7   14:00    28.0   06:35     22.1     00.0   00.00   00.7     06.9    15:04      E 
--------------------------------------------------------------------------------------------------------
28.1 (27.9)   61.7  day 30    -09.9  day 16   1104.4    000.0   00.00   01.7     26.5   day 10     ENE
Max <=  32: 7
Min <=  86: 30
Min <=   0: 4
Max <= 23: 3
Min <=  23: 15
Max <=  14: 2
Min <=  14: 12
Max <=   5: 1
Min <=   5: 9
Min <=   0: 4
Min <=  -4: 3
Max Rain: 0.00 ON 0-01-24
Days of Rain: 0 (> .008in) 0 (> .08in) 0 (> 0.8in)