^^
 NOAA style reports

NOAA-style Climate Reports

Select a Year or Month report
V/Λ2024 > Jan Feb Mar Apr May Jun Jul Aug Sep Oct Nov Dec
V/Λ2023 > Jan Feb Mar Apr May Jun Jul Aug Sep Oct Nov Dec
V/Λ2022 > Jan Feb Mar Apr May Jun Jul Aug Sep Oct Nov Dec
V/Λ2021 > Jan Feb Mar Apr May Jun Jul Aug Sep Oct Nov Dec

Report for 2024 Apr

Daily noaa report



                            MONTHLY CLIMATOLOGICAL SUMMARY for APR. 2024

NAME: 5-Scotts.com   CITY: Loveland STATE: CO
ELEV: 4963.14 LAT: 040:25:7.386 LONG: 0105:00:54.983

                            TEMPERATURE ( F), RAIN (in.), WIND SPEED (mph)

                                               HEAT     COOL           AVG
      MEAN                                     DEG      DEG            WIND                       DOM
DAY   TEMP    HIGH   TIME     LOW    TIME      DAYS     DAYS    RAIN   SPEED    HIGH    TIME      DIR
--------------------------------------------------------------------------------------------------------
01    42.3   053.4   15:04    36.5   23:49     22.6     00.0   00.22   02.5     20.7    15:46     ENE
02    48.8   063.1   16:11    34.3   01:19     16.1     00.0   00.00   01.8     17.3    14:02      NE
03    56.3   075.2   14:57    38.3   04:28     08.6     00.0   00.00   01.5     14.9    11:02     NNW
04    56.3   073.8   16:27    36.9   06:46     08.6     00.0   00.00   01.6     17.3    15:43     SSE
05    56.4   075.6   15:20    41.5   07:51     08.6     00.0   00.00   03.0     24.1    15:43      SE
06    46.9   052.7   00:50    42.8   23:23     18.1     00.0   00.00   03.1     21.9    19:36      N 
07    47.0   059.0   14:30    39.7   07:11     17.9     00.0   00.00   03.7     24.1    04:34     NNW
08    44.3   057.2   15:18    30.4   06:42     20.7     00.0   00.00   01.9     12.7    13:52      E 
09    52.7   060.6   15:27    36.1   01:44     12.2     00.0   00.00   01.9     14.9    11:46     ESE
10    48.2   057.4   10:26    41.4   05:06     16.8     00.0   00.00   02.8     20.7    12:29      NE
11    48.6   061.2   14:36    37.2   06:50     16.4     00.0   00.00   01.8     11.5    15:17      SE
12    57.3   076.8   16:11    35.6   06:44     07.6     00.0   00.00   01.8     17.3    14:48      S 
13    60.9   081.0   12:57    44.6   05:02     04.0     00.0   00.00   01.2     24.1    16:10     NNW
14    62.3   080.6   16:39    40.3   06:00     02.6     00.0   00.00   01.9     16.1    17:37      SE
15    57.5   076.3   13:58    42.1   06:39     07.5     00.0   00.00   02.3     23.0    18:20     NNW
16    58.0   067.5   17:18    46.8   04:25     07.0     00.0   00.02   03.4     16.1    19:24      NW
17    55.3   070.5   15:56    36.9   00:00     09.6     00.0   00.00   02.7     17.3    16:21      NE
18    34.5   037.0   20:15    32.2   08:34     30.5     00.0   00.01   01.8     09.2    14:11     ENE
19    34.9   036.7   17:12    33.3   00:00     30.0     00.0   00.02   02.2     09.2    13:09     ENE
20    32.4   034.3   09:50    30.0   12:20     32.5     00.0   00.00   02.2     08.1    16:03      E 
21    43.2   061.5   18:10    29.7   07:21     21.7     00.0   00.00   01.4     11.5    16:29      S 
22    57.0   071.8   16:58    39.0   05:11     08.0     00.0   00.00   01.6     12.7    11:52      E 
23    53.5   064.2   14:52    42.8   06:36     11.5     00.0   00.03   02.0     16.1    01:45      SE
24    58.3   075.4   15:27    40.5   06:31     06.7     00.0   00.00   01.3     12.7    23:04     ENE
25    57.6   070.2   13:21    49.5   02:03     07.4     00.0   00.01   02.0     23.0    18:26     ENE
26    55.2   068.5   10:02    44.6   06:40     09.7     00.0   00.61   02.3     13.8    12:52     NNW
27    39.8   045.9   00:49   -00.0   04:53     25.1     00.0   00.63   02.0     11.5    12:22      NE
28    47.9   065.8   15:41    38.3   05:37     17.0     00.0   00.00   01.5     17.3    17:53      S 
29    54.5   070.9   15:35    38.1   06:10     10.5     00.0   00.00   01.6     16.1    17:45      NW
--------------------------------------------------------------------------------------------------------
50.6 (50.4)   81.0  day 13    -00.0  day 27   415.5    000.0   01.55   02.1     24.2   day 25     ENE
Min <=  86: 29
Min <=  23: 1
Min <=   5: 1
Max Rain: 0.63 ON 27-04-24
Days of Rain: 8 (> .008in) 3 (> .08in) 0 (> 0.8in)