^^
 NOAA style reports

NOAA-style Climate Reports

Select a Year or Month report
V/Λ2024 > Jan Feb Mar Apr May Jun Jul Aug Sep Oct Nov Dec
V/Λ2023 > Jan Feb Mar Apr May Jun Jul Aug Sep Oct Nov Dec
V/Λ2022 > Jan Feb Mar Apr May Jun Jul Aug Sep Oct Nov Dec
V/Λ2021 > Jan Feb Mar Apr May Jun Jul Aug Sep Oct Nov Dec

Report for 2024 May

Daily noaa report



                            MONTHLY CLIMATOLOGICAL SUMMARY for MAY. 2024

NAME: 5-Scotts.com   CITY: Loveland STATE: CO
ELEV: 4963.14 LAT: 040:25:7.386 LONG: 0105:00:54.983

                            TEMPERATURE ( F), RAIN (in.), WIND SPEED (mph)

                                               HEAT     COOL           AVG
      MEAN                                     DEG      DEG            WIND                       DOM
DAY   TEMP    HIGH   TIME     LOW    TIME      DAYS     DAYS    RAIN   SPEED    HIGH    TIME      DIR
--------------------------------------------------------------------------------------------------------
01    54.1   067.8   12:47    41.7   06:04     10.8     00.0   00.01   02.2     19.6    13:57     WSW
02    51.3   066.0   14:38    37.8   06:20     13.7     00.0   00.00   02.6     18.4    13:05      SE
03    51.4   070.3   13:06    37.6   00:00     13.5     00.0   00.00   02.7     19.6    17:54      NE
04    48.7   064.4   17:28    36.0   01:44     16.2     00.0   00.00   02.0     16.1    12:51      S 
05    57.4   075.4   17:43    38.7   05:59     07.5     00.0   00.00   02.2     19.6    17:44     SSW
06    53.4   063.5   00:01    45.1   00:00     11.5     00.0   00.00   06.0     31.1    20:11     WNW
07    52.9   062.1   14:45    40.8   22:18     12.0     00.0   00.00   04.4     27.6    12:40      NW
08    49.2   061.9   14:31    37.4   06:16     15.7     00.0   00.00   01.6     13.8    01:54     ENE
09    47.6   058.6   14:36    39.9   08:27     17.3     00.0   00.06   01.4     08.1    15:50     ENE
10    51.5   062.4   16:16    43.2   00:00     13.4     00.0   00.00   01.1     09.2    16:02     SSW
11    53.8   067.6   14:10    38.1   05:22     11.2     00.0   00.00   00.8     09.2    14:33     ESE
12    56.1   068.4   10:39    46.6   06:32     08.8     00.0   00.07   02.4     16.1    12:30      S 
13    59.0   075.9   15:40    41.9   06:22     05.9     00.0   00.01   01.5     11.5    20:28     SSW
14    61.4   078.6   12:10   -00.0   14:47     03.5     00.0   00.00   01.4     18.4    18:01     SSW
15    56.8   070.3   16:16   -00.0   10:22     08.1     00.0   00.02   01.1     09.2    17:32      E 
16    40.4   077.4   17:09   -00.0   19:24     24.5     00.0   00.00   01.1     08.1    18:07      SW
17    67.6   086.2   16:14    46.9   05:56     00.0     02.6   00.00   01.1     14.9    20:28     WNW
18    61.9   075.6   15:44    47.3   07:16     03.0     00.0   00.00   02.7     18.4    17:17     SSW
19    65.0   079.7   17:23    56.3   07:05     00.0     00.1   00.00   02.0     24.1    13:34     WNW
20    56.0   069.3   16:27    45.9   00:00     08.9     00.0   00.14   02.1     18.4    22:14      NE
21    51.4   062.4   12:24    43.0   00:00     13.5     00.0   00.11   01.5     13.8    12:13      E 
22    56.5   073.9   17:48    37.8   05:48     08.5     00.0   00.00   01.8     14.9    11:01     SSW
23    57.4   079.5   12:11   -00.0   23:02     07.5     00.0   00.00   01.9     19.6    19:46     WNW
24    57.6   072.7   15:37    40.1   05:32     07.3     00.0   00.00   01.8     11.5    16:26      SE
25    52.4   074.1   13:22   -00.0   00:00     12.6     00.0   00.10   01.9     19.6    20:12      N 
26    55.0   075.6   14:26   -00.0   00:00     10.0     00.0   00.00   01.3     16.1    16:29     WNW
27    56.4   078.4   17:25   -00.0   17:20     08.5     00.0   00.00   01.2     09.2    16:20     SSW
28    64.7   081.9   15:18    46.6   06:07     00.2     00.0   00.07   01.5     16.1    22:23     SSE
29    66.3   081.7   17:03    49.6   05:26     00.0     01.4   00.00   01.8     20.7    15:30     WSW
30    67.6   080.1   15:40    55.2   05:15     00.0     02.7   00.00   01.6     13.8    16:25     NNE
--------------------------------------------------------------------------------------------------------
56.0 (52.6)   86.2  day 17    -00.0  day 27   273.8    006.8   00.59   02.0     31.1   day 25      W 
Max >=  86: 1
Min <=  86: 30
Min <=  23: 7
Min <=   5: 7
Max Rain: 0.14 ON 20-05-24
Days of Rain: 9 (> .008in) 3 (> .08in) 0 (> 0.8in)