NOAA-Style Climate Reports


Report for 2022 June

Daily noaa report



                            MONTHLY CLIMATOLOGICAL SUMMARY for JUN. 2022

NAME: 5-Scotts.com   CITY: Loveland STATE: CO
ELEV: 4963.14 LAT: 040:25:7.386 LONG: 0105:00:54.983

                            TEMPERATURE ( °F), RAIN (in.), WIND SPEED (mph)

                                               HEAT     COOL           AVG
      MEAN                                     DEG      DEG            WIND                       DOM
DAY   TEMP    HIGH   TIME     LOW    TIME      DAYS     DAYS    RAIN   SPEED    HIGH    TIME      DIR
--------------------------------------------------------------------------------------------------------
01    49.2   056.8   17:17    43.0   07:03     15.7     00.0   00.15   01.4     08.1    09:37     SSW
02    57.5   068.9   17:47    40.8   05:40     07.5     00.0   00.00   01.0     12.7    16:05      SW
03    62.1   079.5   14:51    48.2   05:54     02.9     00.0   00.02   01.0     10.3    16:21      W 
04    66.9   084.9   15:03    49.3   06:09     00.0     02.0   00.18   01.6     18.4    15:38     SSW
05    68.1   085.5   15:40    58.6   06:37     00.0     03.2   00.15   01.1     10.3    15:22      SW
06    64.6   081.0   14:54    52.9   05:40     00.3     00.0   00.08   01.6     19.6    16:09      SW
07    65.0   081.9   18:03    53.4   05:49     00.0     00.1   00.02   01.8     14.9    20:10     WSW
08    63.8   076.5   15:26    48.0   04:48     01.1     00.0   00.02   01.4     10.3    12:01      S 
09    71.0   091.2   14:37    55.2   06:05     00.0     06.0   00.02   01.3     20.7    15:04      W 
10    74.4   091.2   17:55    53.8   06:10     00.0     09.5   00.86   01.2     16.1    12:27     SSW
11    80.0   099.3   16:11    58.8   05:29     00.0     15.0   00.09   01.0     09.2    13:51      W 
12    78.1   092.1   16:02    64.4   04:59     00.0     13.2   00.26   01.9     17.3    16:04      S 
13    78.1   097.3   15:22    56.8   06:04     00.0     13.2   00.01   01.7     17.3    21:40     NNW
14    67.3   084.2   17:00    54.0   06:04     00.0     02.3   00.07   02.2     13.8    20:26     SSW
15    71.5   088.9   15:43    53.2   06:00     00.0     06.5   00.01   02.2     17.3    14:13      SW
16    75.6   092.1   17:25    55.6   05:54     00.0     10.7   00.46   01.5     14.9    23:12      E 
17    74.8   088.9   13:55    61.0   06:08     00.0     09.9   00.15   01.6     11.5    18:39      SW
18    76.0   090.9   15:16    58.8   05:28     00.0     11.1   00.08   01.2     10.3    23:24     SSW
19    76.6   090.1   13:51    67.8   07:09     00.0     11.7   00.65   01.4     16.1    14:55     WSW
20    74.1   089.8   15:12    60.1   06:09     00.0     09.2   00.00   01.7     21.9    16:58      W 
21    67.1   079.5   16:18    51.3   06:07     00.0     02.2   00.04   02.4     12.7    16:17     SSE
22    68.1   081.3   17:54    52.3   06:06     00.0     03.1   01.61   00.9     08.1    14:58     SSW
23    76.4   095.9   14:20    54.0   05:53     00.0     11.5   00.01   01.2     12.7    20:04      W 
24    71.7   090.7   13:21    58.5   05:50     00.0     06.8   00.04   01.0     12.7    14:35      SW
25    64.2   073.8   16:15    54.7   06:14     00.7     00.0   00.18   01.8     13.8    05:49      W 
26    60.8   068.2   14:02    54.5   01:46     04.1     00.0   00.18   01.4     12.7    16:37      SW
27    68.5   086.4   16:02    50.7   05:28     00.0     03.5   00.00   01.3     14.9    20:18     WSW
28    73.9   092.8   15:43    52.0   05:47     00.0     09.0   00.00   00.9     16.1    15:21      SW
29    75.6   093.4   12:21    58.8   06:22     00.0     10.6   00.14   01.2     10.3    20:13     WSW
30    70.3   081.3   15:42    61.2   06:19     00.0     05.3   00.06   01.6     13.8    21:07      SW
--------------------------------------------------------------------------------------------------------
69.7 (69.9)   99.3  day 11     40.8  day 02   032.3    175.5   05.55   01.4     21.9   day 06      SW
Max >=  86: 16
Min  .008in) 15 (> .08in) 2 (> 0.8in)