NOAA-Style Climate Reports


Report for 2022 September

Daily noaa report



                            MONTHLY CLIMATOLOGICAL SUMMARY for SEP. 2022

NAME: 5-Scotts.com   CITY: Loveland STATE: CO
ELEV: 4963.14 LAT: 040:25:7.386 LONG: 0105:00:54.983

                            TEMPERATURE ( °F), RAIN (in.), WIND SPEED (mph)

                                               HEAT     COOL           AVG
      MEAN                                     DEG      DEG            WIND                       DOM
DAY   TEMP    HIGH   TIME     LOW    TIME      DAYS     DAYS    RAIN   SPEED    HIGH    TIME      DIR
--------------------------------------------------------------------------------------------------------
01    74.1   094.1   15:12    54.1   06:49     00.0     09.2   00.00   00.9     10.3    16:28      SW
02    74.9   092.3   15:02    58.1   07:10     00.0     10.0   00.26   01.1     12.7    13:22      NW
03    72.2   087.4   16:23    57.4   06:41     00.0     07.2   00.00   00.8     08.1    15:59     SSW
04    74.2   092.7   15:24    56.7   06:55     00.0     09.3   00.00   00.8     10.3    15:10     SSW
05    76.3   096.1   15:41    56.5   06:54     00.0     11.4   00.00   00.9     08.1    16:29      SW
06    77.5   097.2   15:05    57.9   06:12     00.0     12.6   00.00   00.7     10.3    12:24     SSW
07    77.9   094.8   15:51    60.1   07:07     00.0     13.0   00.00   00.8     10.3    13:30      SW
08    75.3   094.6   13:48    57.7   05:56     00.0     10.3   00.03   01.1     16.1    14:10     WSW
09    55.2   062.4   00:03    48.4   00:00     09.7     00.0   00.05   01.2     11.5    00:14     WNW
10    48.6   052.2   14:14    46.0   08:03     16.3     00.0   00.00   01.2     08.1    04:45      SW
18    65.4   080.8   17:34    44.2   06:39     00.0     00.5   00.00   01.0     06.9    17:23     SSW
19    71.0   090.3   15:45    51.6   06:58     00.0     06.1   00.00   00.8     08.1    16:25     SSW
20    71.8   089.4   15:00    51.4   06:54     00.0     06.9   00.00   01.0     11.5    12:59      W 
21    57.0   070.2   00:04    48.4   23:27     07.9     00.0   00.17   01.0     06.9    12:46      SW
22    51.3   056.5   17:57    47.7   08:14     13.6     00.0   00.00   00.6     05.8    23:51      SW
23    60.7   079.7   15:30    46.8   04:29     04.3     00.0   00.00   01.0     08.1    14:43      SW
24    63.3   080.1   14:53    44.8   07:13     01.6     00.0   00.00   00.8     08.1    22:04      SW
25    59.4   074.1   15:14    44.1   07:17     05.5     00.0   00.00   00.6     06.9    13:19     SSW
26    63.1   082.0   15:34    43.7   06:52     01.8     00.0   00.00   00.7     09.2    13:50     SSW
27    61.8   076.3   16:18    45.7   06:44     03.1     00.0   00.02   00.7     08.1    15:45      SW
28    63.3   082.2   15:07    46.4   07:02     01.6     00.0   00.00   00.6     06.9    13:49      SW
29    65.8   085.3   14:23    49.8   06:14     00.0     00.9   00.00   01.0     11.5    13:11      SW
30    56.4   061.0   00:11    50.9   06:45     08.5     00.0   00.00   00.9     03.5    05:24     SSW
--------------------------------------------------------------------------------------------------------
66.0 (66.1)   97.2  day 06     43.7  day 26   074.0    097.3   00.52   00.9     16.1   day 08      SW
Max >=  86: 10
Min  .008in) 2 (> .08in) 0 (> 0.8in)