NOAA-Style Climate Reports


Report for 2022 October

Daily noaa report



                            MONTHLY CLIMATOLOGICAL SUMMARY for OCT. 2022

NAME: 5-Scotts.com   CITY: Loveland STATE: CO
ELEV: 4963.14 LAT: 040:25:7.386 LONG: 0105:00:54.983

                            TEMPERATURE ( °F), RAIN (in.), WIND SPEED (mph)

                                               HEAT     COOL           AVG
      MEAN                                     DEG      DEG            WIND                       DOM
DAY   TEMP    HIGH   TIME     LOW    TIME      DAYS     DAYS    RAIN   SPEED    HIGH    TIME      DIR
--------------------------------------------------------------------------------------------------------
01    60.3   070.7   14:53    51.3   00:00     04.7     00.0   00.06   01.2     09.2    16:24     SSW
02    56.9   069.4   14:43    47.7   03:31     08.1     00.0   00.00   00.8     09.2    11:27      SW
03    57.9   073.0   14:31    48.6   04:34     07.1     00.0   00.15   01.0     08.1    12:22     SSW
04    55.4   066.4   15:24    42.8   07:19     09.5     00.0   00.00   00.8     08.1    19:02      SW
05    57.0   071.6   14:39    42.4   07:20     08.0     00.0   00.00   00.7     06.9    17:18      SW
06    55.8   070.9   15:17    39.9   07:21     09.1     00.0   00.00   00.8     08.1    23:16     SSW
07    44.8   053.1   16:11    38.7   08:55     20.1     00.0   00.00   01.1     08.1    03:29     WNW
08    49.7   065.3   14:53    35.1   07:08     15.3     00.0   00.00   00.7     06.9    14:58     WSW
09    54.7   073.8   14:33    36.7   07:21     10.2     00.0   00.00   00.7     06.9    13:27      SW
10    57.5   077.5   14:28    38.1   07:31     07.4     00.0   00.00   00.8     09.2    11:12     SSW
11    56.5   077.9   11:34    43.0   23:57     08.4     00.0   00.00   01.4     13.8    19:24      W 
12    48.3   069.1   12:35    35.4   06:44     16.7     00.0   00.00   01.0     12.7    14:07      W 
13    51.7   069.8   14:35    35.8   06:11     13.2     00.0   00.00   01.2     10.3    12:07     WSW
14    55.7   077.5   15:02    35.8   07:24     09.2     00.0   00.00   00.9     10.3    11:39      SW
15    53.3   065.1   15:05    38.3   07:02     11.7     00.0   00.00   00.8     09.2    18:37     WSW
16    50.3   061.0   15:07    40.6   00:00     14.6     00.0   00.00   00.8     09.2    14:43      SW
17    47.0   063.5   15:11    30.6   07:26     18.0     00.0   00.00   00.7     09.2    13:25      SW
18    50.2   071.2   14:39    31.8   06:37     14.8     00.0   00.00   00.6     08.1    14:09      SW
19    56.7   079.5   13:11    34.9   06:34     08.3     00.0   00.00   01.3     18.4    14:31      NW
20    57.7   081.1   15:10    34.2   07:39     07.2     00.0   00.00   01.1     11.5    14:56     SSW
21    60.6   077.5   14:57    42.4   07:17     04.3     00.0   00.00   02.0     16.1    23:39      W 
22    63.6   079.0   15:04    47.7   07:18     01.3     00.0   00.00   01.7     19.6    01:46     WSW
23    52.4   069.1   11:06    41.7   00:00     12.5     00.0   00.03   01.7     12.7    19:28     WNW
24    41.9   055.9   14:54    30.6   08:03     23.1     00.0   00.00   01.3     09.2    12:36     WSW
25    43.0   061.0   14:57    28.0   07:12     21.9     00.0   00.00   01.2     09.2    22:20      W 
26    44.9   057.7   15:15    36.0   07:32     20.1     00.0   00.00   00.8     09.2    11:29     WNW
27    41.2   051.4   16:03    32.8   00:00     23.8     00.0   00.04   01.5     12.7    05:47      W 
28    41.1   059.2   15:17    24.3   07:56     23.8     00.0   00.00   01.0     10.3    13:51      SW
29    43.9   063.3   14:50    27.9   06:21     21.1     00.0   00.00   01.0     09.2    14:49     WSW
30    45.8   063.1   13:17    32.0   03:26     19.1     00.0   00.00   00.8     08.1    15:28     WSW
31    46.6   067.8   14:59    28.9   07:32     18.3     00.0   00.00   00.9     08.1    15:11      SW
--------------------------------------------------------------------------------------------------------
51.7 (52.7)   81.1  day 20     24.3  day 28   410.6    000.0   00.28   01.0     19.6   day 22     WSW
Min  .008in) 1 (> .08in) 0 (> 0.8in)