^^
 NOAA style reports

NOAA-style Climate Reports

Select a Year or Month report
V/Λ2023 > Jan Feb Mar Apr May Jun Jul Aug Sep Oct Nov Dec
V/Λ2022 > Jan Feb Mar Apr May Jun Jul Aug Sep Oct Nov Dec
V/Λ2021 > Jan Feb Mar Apr May Jun Jul Aug Sep Oct Nov Dec

Report for 2023 Jan

Daily noaa report



                            MONTHLY CLIMATOLOGICAL SUMMARY for JAN. 2023

NAME: 5-Scotts.com   CITY: Loveland STATE: CO
ELEV: 4963.14 LAT: 040:25:7.386 LONG: 0105:00:54.983

                            TEMPERATURE ( F), RAIN (in.), WIND SPEED (mph)

                                               HEAT     COOL           AVG
      MEAN                                     DEG      DEG            WIND                       DOM
DAY   TEMP    HIGH   TIME     LOW    TIME      DAYS     DAYS    RAIN   SPEED    HIGH    TIME      DIR
--------------------------------------------------------------------------------------------------------
01    32.1   039.2   11:12    25.0   06:57     32.8     00.0   00.00   01.6     09.2    13:19     ENE
02    28.5   031.4   00:51    27.0   20:38     36.4     00.0   00.00   03.0     11.5    20:18      NE
03    24.8   034.3   10:43    16.7   23:57     40.2     00.0   00.00   01.1     08.1    12:28     ESE
04    21.2   032.9   14:30    11.5   08:23     43.7     00.0   00.00   01.5     09.2    13:32      E 
05    21.1   030.9   15:34    11.3   06:24     43.9     00.0   00.00   01.1     10.3    20:02     ENE
06    33.3   051.3   13:49    17.2   00:11     31.7     00.0   00.00   00.8     09.2    06:04      E 
07    33.2   042.7   11:57    22.5   00:00     31.8     00.0   00.00   01.0     06.9    13:51      SE
08    29.7   040.5   14:57    18.7   03:21     35.3     00.0   00.00   01.4     10.3    22:29     ENE
09    39.5   055.6   11:16    30.0   23:35     25.4     00.0   00.00   01.9     17.3    03:07      NE
10    39.1   056.8   14:39    27.7   06:56     25.9     00.0   00.00   02.1     17.3    03:22     ENE
11    34.5   037.6   11:34    31.8   23:54     30.4     00.0   00.01   01.9     11.5    07:50      E 
12    32.3   040.3   14:09    23.9   06:57     32.7     00.0   00.00   01.3     08.1    11:02     ENE
13    33.9   047.8   14:04    23.5   06:48     31.0     00.0   00.00   01.0     06.9    12:52      E 
14    39.4   054.1   14:14    29.8   06:47     25.6     00.0   00.00   01.9     11.5    15:52      E 
15    37.8   045.5   15:02    30.4   03:40     27.1     00.0   00.00   01.5     11.5    18:09     ENE
16    34.5   042.8   14:34    27.0   07:45     30.4     00.0   00.00   01.3     06.9    11:35     ENE
17    30.4   036.1   12:33    27.3   07:24     34.5     00.0   00.00   02.7     11.5    17:15     ENE
18    28.9   035.1   16:40    18.7   23:35     36.0     00.0   00.00   02.9     23.0    12:58      NE
19    22.1   034.0   15:18    09.1   07:05     42.8     00.0   00.00   01.0     05.8    10:41     ENE
20    25.2   035.2   14:40    16.9   04:45     39.8     00.0   00.00   01.1     05.8    11:36      E 
21    26.1   032.2   11:55    17.8   02:15     38.8     00.0   00.00   01.2     09.2    18:14      SE
22    28.0   037.8   14:52    19.8   07:07     37.0     00.0   00.00   01.5     08.1    14:18     ENE
23    29.9   035.6   11:45    24.8   00:27     35.0     00.0   00.00   01.5     09.2    14:57     ESE
24    26.6   035.4   14:31    16.5   06:58     38.4     00.0   00.00   01.1     08.1    12:50     ESE
25    29.3   037.4   11:13    19.4   00:34     35.6     00.0   00.00   02.0     16.1    12:35      NE
26    31.2   040.6   13:49    19.6   06:22     33.7     00.0   00.00   01.9     10.3    13:20      SE
27    28.9   035.1   16:13    21.2   23:50     36.1     00.0   00.00   01.8     09.2    19:22     ENE
28    21.5   029.5   10:16    10.4   00:00     43.4     00.0   00.00   03.1     17.3    18:09     ENE
29    04.1   011.3   00:06   -00.2   23:37     60.8     00.0   00.00   04.1     11.5    20:50     ENE
30    05.1   014.5   12:42   -00.6   01:35     59.8     00.0   00.00   01.9     09.2    05:57     ENE
31    10.0   023.0   14:21   -03.6   07:07     54.9     00.0   00.00   01.5     08.1    00:51     ENE
--------------------------------------------------------------------------------------------------------
27.8 (28.2)   56.8  day 10    -03.6  day 31   1150.9    000.0   00.01   01.7     23.0   day 18     ENE
Max <=  32: 6
Min <=  86: 31
Min <=   0: 2
Max <= 23: 3
Min <=  23: 19
Max <=  14: 1
Min <=   5: 3
Min <=   0: 2
Max Rain: 0.01 ON 11-01-23
Days of Rain: 1 (> .008in) 0 (> .08in) 0 (> 0.8in)