^^
 NOAA style reports

NOAA-style Climate Reports

Select a Year or Month report
V/Λ2023 > Jan Feb Mar Apr May Jun Jul Aug Sep Oct Nov Dec
V/Λ2022 > Jan Feb Mar Apr May Jun Jul Aug Sep Oct Nov Dec
V/Λ2021 > Jan Feb Mar Apr May Jun Jul Aug Sep Oct Nov Dec

Report for 2023 Mar

Daily noaa report



                            MONTHLY CLIMATOLOGICAL SUMMARY for MAR. 2023

NAME: 5-Scotts.com   CITY: Loveland STATE: CO
ELEV: 4963.14 LAT: 040:25:7.386 LONG: 0105:00:54.983

                            TEMPERATURE ( F), RAIN (in.), WIND SPEED (mph)

                                               HEAT     COOL           AVG
      MEAN                                     DEG      DEG            WIND                       DOM
DAY   TEMP    HIGH   TIME     LOW    TIME      DAYS     DAYS    RAIN   SPEED    HIGH    TIME      DIR
--------------------------------------------------------------------------------------------------------
01    28.6   033.6   16:45    23.7   06:03     36.3     00.0   00.01   02.1     14.9    14:21     ENE
02    33.4   045.1   14:22    19.6   06:34     31.5     00.0   00.00   01.6     13.8    16:12      E 
03    35.3   049.3   12:57    27.9   01:40     29.7     00.0   00.00   01.9     10.3    21:53      E 
04    31.5   038.3   13:02    25.0   06:02     33.4     00.0   00.00   02.6     12.7    14:15      E 
05    37.0   054.0   12:32    24.8   06:16     27.9     00.0   00.00   03.1     25.3    14:22      NW
06    33.4   041.5   13:18    26.6   23:57     31.5     00.0   00.00   03.2     19.6    13:53      E 
07    30.9   036.5   17:14    26.2   00:46     34.0     00.0   00.02   02.2     10.3    06:52     ENE
08    31.5   036.3   12:57    28.4   07:54     33.4     00.0   00.00   03.5     12.7    17:53      E 
09    39.4   053.4   11:51    28.0   06:32     25.5     00.0   00.00   03.0     28.8    13:41      N 
10    37.1   049.8   15:00    27.9   05:30     27.8     00.0   00.00   02.5     12.7    00:20     ENE
11    45.5   061.2   14:24    31.3   23:59     19.4     00.0   00.00   03.6     24.1    10:52     NNW
12    33.5   041.9   14:32    24.1   06:35     31.5     00.0   00.00   02.4     11.5    00:54     ESE
13    37.2   051.3   15:43    24.8   07:11     27.7     00.0   00.00   01.7     11.5    14:47     ESE
14    45.0   064.2   15:33    27.7   07:30     19.9     00.0   00.00   01.6     17.3    14:03     ESE
15    51.0   069.8   14:40    36.5   07:29     14.0     00.0   00.00   03.0     20.7    23:59     NNE
16    34.7   043.9   00:04    28.0   23:46     30.2     00.0   00.00   05.8     28.8    03:46      NE
17    33.3   046.8   15:21    23.5   06:19     31.6     00.0   00.00   03.4     26.4    18:32      NE
18    33.8   050.3   15:06    20.7   07:17     31.2     00.0   00.00   02.4     20.7    16:03     ENE
19    38.3   058.5   14:25    19.9   07:10     26.7     00.0   00.00   01.7     13.8    14:49     ENE
20    43.4   057.6   15:47    33.1   06:41     21.5     00.0   00.00   01.9     16.1    15:06      E 
21    45.1   057.2   14:35    32.4   07:36     19.9     00.0   00.00   03.2     21.9    15:51     NNW
22    34.8   043.3   08:01    31.6   22:38     30.2     00.0   00.04   01.5     09.2    17:22     ENE
23    39.6   053.7   14:55    32.0   05:15     25.4     00.0   00.02   02.3     17.3    16:54     ENE
24    40.4   056.9   13:38    28.4   07:03     24.6     00.0   00.00   02.4     13.8    20:41      E 
25    32.4   038.3   16:16    27.7   23:19     32.6     00.0   00.02   02.4     14.9    02:20     ENE
26    31.2   041.2   15:34    20.7   07:04     33.7     00.0   00.00   02.6     14.9    22:39     ENE
27    28.9   037.9   14:06    21.5   00:00     36.0     00.0   00.00   03.8     18.4    09:44      NE
28    27.6   039.2   15:35    13.5   06:08     37.4     00.0   00.00   01.7     10.3    17:52     ENE
29    32.2   039.7   17:57    26.8   06:56     32.7     00.0   00.00   02.6     12.7    09:25     ENE
30    39.6   057.7   16:25    28.2   00:38     25.3     00.0   00.00   02.2     23.0    23:40     ENE
31    42.8   051.8   12:40    33.3   07:20     22.1     00.0   00.00   02.7     23.0    12:24     NNE
--------------------------------------------------------------------------------------------------------
36.4 (37.5)   69.8  day 15     13.5  day 28   884.7    000.0   00.17   02.6     28.8   day 21     ENE
Min <=  86: 31
Min <=  23: 6
Max Rain: 0.04 ON 22-03-23
Days of Rain: 4 (> .008in) 0 (> .08in) 0 (> 0.8in)